{"id":9944,"date":"2023-05-09T06:22:14","date_gmt":"2023-05-09T06:22:14","guid":{"rendered":"http:\/\/szkolazabrowo.pl\/?page_id=9944"},"modified":"2023-06-12T06:46:05","modified_gmt":"2023-06-12T06:46:05","slug":"trzymaj-forme-3","status":"publish","type":"page","link":"https:\/\/szkolazabrowo.pl\/?page_id=9944","title":{"rendered":"Trzymaj form\u0119"},"content":{"rendered":"\n<p>W ramach realizacji programu \u201eTrzymaj form\u0119\u201d &nbsp;w kwietniu zorganizowano w szkole szereg aktywno\u015bci maj\u0105cych na celu kszta\u0142towanie prozdrowotnych nawyk\u00f3w poprzez promocj\u0119 aktywno\u015bci fizycznej i nauk\u0119 prawid\u0142owego, zbilansowanego sposobu od\u017cywiania. Uczniowie klas IV &#8211; VIII uczestniczyli w \u201eBiegu po zdrowie\u201d, prezentowali zdrowe i po\u017cywne drugie \u015bniadanie, degustowali naturalne i przepyszne \u015bwie\u017co wyci\u015bni\u0119te soki owocowo-warzywne.&nbsp; Ka\u017cda klasa wykona\u0142a r\u00f3wnie\u017c \u201dtalerz zdrowia\u201d &nbsp;obrazuj\u0105cy jakie produkty spo\u017cywcze powinny si\u0119 znale\u017a\u0107 w codziennej diecie. Przepi\u0119kne prace uczni\u00f3w zosta\u0142y zaprezentowane na holu szkolnym.<\/p>\n\n\n<a href=\"https:\/\/szkolazabrowo.pl\/wp-content\/uploads\/2023\/06\/certyfikat-2023.pdf\" class=\"pdfemb-viewer\" style=\"\" data-width=\"max\" data-height=\"max\" data-toolbar=\"bottom\" data-toolbar-fixed=\"off\">certyfikat-2023<\/a>\n<p class=\"wp-block-pdfemb-pdf-embedder-viewer\"><\/p>\n\n\n<div class=\"su-custom-gallery su-custom-gallery-align-left su-custom-gallery-title-never\"><div class=\"su-custom-gallery-slide\" style=\"width:250px;height:300px\"><a href=\"https:\/\/szkolazabrowo.pl\/wp-content\/uploads\/2023\/05\/20230417_132552.jpg\" title=\"20230417_132552\"><img loading=\"lazy\" decoding=\"async\" src=\"https:\/\/szkolazabrowo.pl\/wp-content\/uploads\/2023\/05\/20230417_132552-250x300.jpg\" alt=\"20230417_132552\" width=\"250\" height=\"300\" \/><span class=\"su-custom-gallery-title\">20230417_132552<\/span><\/a><\/div><div class=\"su-custom-gallery-slide\" style=\"width:250px;height:300px\"><a href=\"https:\/\/szkolazabrowo.pl\/wp-content\/uploads\/2023\/05\/20230420_084849.jpg\" title=\"20230420_084849\"><img loading=\"lazy\" decoding=\"async\" src=\"https:\/\/szkolazabrowo.pl\/wp-content\/uploads\/2023\/05\/20230420_084849-250x300.jpg\" alt=\"20230420_084849\" width=\"250\" height=\"300\" \/><span class=\"su-custom-gallery-title\">20230420_084849<\/span><\/a><\/div><div class=\"su-custom-gallery-slide\" style=\"width:250px;height:300px\"><a href=\"https:\/\/szkolazabrowo.pl\/wp-content\/uploads\/2023\/05\/20230420_084856.jpg\" title=\"20230420_084856\"><img loading=\"lazy\" decoding=\"async\" src=\"https:\/\/szkolazabrowo.pl\/wp-content\/uploads\/2023\/05\/20230420_084856-250x300.jpg\" alt=\"20230420_084856\" width=\"250\" height=\"300\" \/><span class=\"su-custom-gallery-title\">20230420_084856<\/span><\/a><\/div><div class=\"su-custom-gallery-slide\" style=\"width:250px;height:300px\"><a href=\"https:\/\/szkolazabrowo.pl\/wp-content\/uploads\/2023\/05\/20230420_084903.jpg\" title=\"20230420_084903\"><img loading=\"lazy\" decoding=\"async\" src=\"https:\/\/szkolazabrowo.pl\/wp-content\/uploads\/2023\/05\/20230420_084903-250x300.jpg\" alt=\"20230420_084903\" width=\"250\" height=\"300\" \/><span class=\"su-custom-gallery-title\">20230420_084903<\/span><\/a><\/div><div class=\"su-custom-gallery-slide\" style=\"width:250px;height:300px\"><a href=\"https:\/\/szkolazabrowo.pl\/wp-content\/uploads\/2023\/05\/20230420_084912.jpg\" title=\"20230420_084912\"><img loading=\"lazy\" decoding=\"async\" src=\"https:\/\/szkolazabrowo.pl\/wp-content\/uploads\/2023\/05\/20230420_084912-250x300.jpg\" alt=\"20230420_084912\" width=\"250\" height=\"300\" \/><span class=\"su-custom-gallery-title\">20230420_084912<\/span><\/a><\/div><div class=\"su-custom-gallery-slide\" style=\"width:250px;height:300px\"><a href=\"https:\/\/szkolazabrowo.pl\/wp-content\/uploads\/2023\/05\/20230420_085038.jpg\" title=\"20230420_085038\"><img loading=\"lazy\" decoding=\"async\" src=\"https:\/\/szkolazabrowo.pl\/wp-content\/uploads\/2023\/05\/20230420_085038-250x300.jpg\" alt=\"20230420_085038\" width=\"250\" height=\"300\" \/><span class=\"su-custom-gallery-title\">20230420_085038<\/span><\/a><\/div><div class=\"su-custom-gallery-slide\" style=\"width:250px;height:300px\"><a href=\"https:\/\/szkolazabrowo.pl\/wp-content\/uploads\/2023\/05\/20230420_085058.jpg\" title=\"20230420_085058\"><img loading=\"lazy\" decoding=\"async\" src=\"https:\/\/szkolazabrowo.pl\/wp-content\/uploads\/2023\/05\/20230420_085058-250x300.jpg\" alt=\"20230420_085058\" width=\"250\" height=\"300\" \/><span class=\"su-custom-gallery-title\">20230420_085058<\/span><\/a><\/div><div class=\"su-custom-gallery-slide\" style=\"width:250px;height:300px\"><a href=\"https:\/\/szkolazabrowo.pl\/wp-content\/uploads\/2023\/05\/20230420_090024.jpg\" title=\"20230420_090024\"><img loading=\"lazy\" decoding=\"async\" src=\"https:\/\/szkolazabrowo.pl\/wp-content\/uploads\/2023\/05\/20230420_090024-250x300.jpg\" alt=\"20230420_090024\" width=\"250\" height=\"300\" \/><span class=\"su-custom-gallery-title\">20230420_090024<\/span><\/a><\/div><div class=\"su-custom-gallery-slide\" style=\"width:250px;height:300px\"><a href=\"https:\/\/szkolazabrowo.pl\/wp-content\/uploads\/2023\/05\/20230420_090032.jpg\" title=\"20230420_090032\"><img loading=\"lazy\" decoding=\"async\" src=\"https:\/\/szkolazabrowo.pl\/wp-content\/uploads\/2023\/05\/20230420_090032-250x300.jpg\" alt=\"20230420_090032\" width=\"250\" height=\"300\" \/><span class=\"su-custom-gallery-title\">20230420_090032<\/span><\/a><\/div><div class=\"su-custom-gallery-slide\" style=\"width:250px;height:300px\"><a href=\"https:\/\/szkolazabrowo.pl\/wp-content\/uploads\/2023\/05\/20230420_090305.jpg\" title=\"20230420_090305\"><img loading=\"lazy\" decoding=\"async\" src=\"https:\/\/szkolazabrowo.pl\/wp-content\/uploads\/2023\/05\/20230420_090305-250x300.jpg\" alt=\"20230420_090305\" width=\"250\" height=\"300\" \/><span class=\"su-custom-gallery-title\">20230420_090305<\/span><\/a><\/div><div class=\"su-custom-gallery-slide\" style=\"width:250px;height:300px\"><a href=\"https:\/\/szkolazabrowo.pl\/wp-content\/uploads\/2023\/05\/20230420_091855.jpg\" title=\"20230420_091855\"><img loading=\"lazy\" decoding=\"async\" src=\"https:\/\/szkolazabrowo.pl\/wp-content\/uploads\/2023\/05\/20230420_091855-250x300.jpg\" alt=\"20230420_091855\" width=\"250\" height=\"300\" \/><span class=\"su-custom-gallery-title\">20230420_091855<\/span><\/a><\/div><div class=\"su-custom-gallery-slide\" style=\"width:250px;height:300px\"><a href=\"https:\/\/szkolazabrowo.pl\/wp-content\/uploads\/2023\/05\/20230420_091915.jpg\" title=\"20230420_091915\"><img loading=\"lazy\" decoding=\"async\" src=\"https:\/\/szkolazabrowo.pl\/wp-content\/uploads\/2023\/05\/20230420_091915-250x300.jpg\" alt=\"20230420_091915\" width=\"250\" height=\"300\" \/><span class=\"su-custom-gallery-title\">20230420_091915<\/span><\/a><\/div><div class=\"su-custom-gallery-slide\" style=\"width:250px;height:300px\"><a href=\"https:\/\/szkolazabrowo.pl\/wp-content\/uploads\/2023\/05\/20230420_091922.jpg\" title=\"20230420_091922\"><img loading=\"lazy\" decoding=\"async\" src=\"https:\/\/szkolazabrowo.pl\/wp-content\/uploads\/2023\/05\/20230420_091922-250x300.jpg\" alt=\"20230420_091922\" width=\"250\" height=\"300\" \/><span class=\"su-custom-gallery-title\">20230420_091922<\/span><\/a><\/div><div class=\"su-custom-gallery-slide\" style=\"width:250px;height:300px\"><a href=\"https:\/\/szkolazabrowo.pl\/wp-content\/uploads\/2023\/05\/20230420_094314.jpg\" title=\"20230420_094314\"><img loading=\"lazy\" decoding=\"async\" src=\"https:\/\/szkolazabrowo.pl\/wp-content\/uploads\/2023\/05\/20230420_094314-250x300.jpg\" alt=\"20230420_094314\" width=\"250\" height=\"300\" \/><span class=\"su-custom-gallery-title\">20230420_094314<\/span><\/a><\/div><div class=\"su-custom-gallery-slide\" style=\"width:250px;height:300px\"><a href=\"https:\/\/szkolazabrowo.pl\/wp-content\/uploads\/2023\/05\/20230420_094439.jpg\" title=\"20230420_094439\"><img loading=\"lazy\" decoding=\"async\" src=\"https:\/\/szkolazabrowo.pl\/wp-content\/uploads\/2023\/05\/20230420_094439-250x300.jpg\" alt=\"20230420_094439\" width=\"250\" height=\"300\" \/><span class=\"su-custom-gallery-title\">20230420_094439<\/span><\/a><\/div><div class=\"su-custom-gallery-slide\" style=\"width:250px;height:300px\"><a href=\"https:\/\/szkolazabrowo.pl\/wp-content\/uploads\/2023\/05\/20230420_094813.jpg\" title=\"20230420_094813\"><img loading=\"lazy\" decoding=\"async\" src=\"https:\/\/szkolazabrowo.pl\/wp-content\/uploads\/2023\/05\/20230420_094813-250x300.jpg\" alt=\"20230420_094813\" width=\"250\" height=\"300\" \/><span class=\"su-custom-gallery-title\">20230420_094813<\/span><\/a><\/div><div class=\"su-custom-gallery-slide\" style=\"width:250px;height:300px\"><a href=\"https:\/\/szkolazabrowo.pl\/wp-content\/uploads\/2023\/05\/20230420_094930.jpg\" title=\"20230420_094930\"><img loading=\"lazy\" decoding=\"async\" src=\"https:\/\/szkolazabrowo.pl\/wp-content\/uploads\/2023\/05\/20230420_094930-250x300.jpg\" alt=\"20230420_094930\" width=\"250\" height=\"300\" \/><span class=\"su-custom-gallery-title\">20230420_094930<\/span><\/a><\/div><div class=\"su-custom-gallery-slide\" style=\"width:250px;height:300px\"><a href=\"https:\/\/szkolazabrowo.pl\/wp-content\/uploads\/2023\/05\/20230420_095002.jpg\" title=\"20230420_095002\"><img loading=\"lazy\" decoding=\"async\" src=\"https:\/\/szkolazabrowo.pl\/wp-content\/uploads\/2023\/05\/20230420_095002-250x300.jpg\" alt=\"20230420_095002\" width=\"250\" height=\"300\" \/><span class=\"su-custom-gallery-title\">20230420_095002<\/span><\/a><\/div><div class=\"su-custom-gallery-slide\" style=\"width:250px;height:300px\"><a href=\"https:\/\/szkolazabrowo.pl\/wp-content\/uploads\/2023\/05\/20230420_103819.jpg\" title=\"20230420_103819\"><img loading=\"lazy\" decoding=\"async\" src=\"https:\/\/szkolazabrowo.pl\/wp-content\/uploads\/2023\/05\/20230420_103819-250x300.jpg\" alt=\"20230420_103819\" width=\"250\" height=\"300\" \/><span class=\"su-custom-gallery-title\">20230420_103819<\/span><\/a><\/div><div class=\"su-custom-gallery-slide\" style=\"width:250px;height:300px\"><a href=\"https:\/\/szkolazabrowo.pl\/wp-content\/uploads\/2023\/05\/20230420_103934.jpg\" title=\"20230420_103934\"><img loading=\"lazy\" decoding=\"async\" src=\"https:\/\/szkolazabrowo.pl\/wp-content\/uploads\/2023\/05\/20230420_103934-250x300.jpg\" alt=\"20230420_103934\" width=\"250\" height=\"300\" \/><span class=\"su-custom-gallery-title\">20230420_103934<\/span><\/a><\/div><div class=\"su-custom-gallery-slide\" style=\"width:250px;height:300px\"><a href=\"https:\/\/szkolazabrowo.pl\/wp-content\/uploads\/2023\/05\/20230420_115245.jpg\" title=\"20230420_115245\"><img loading=\"lazy\" decoding=\"async\" src=\"https:\/\/szkolazabrowo.pl\/wp-content\/uploads\/2023\/05\/20230420_115245-250x300.jpg\" alt=\"20230420_115245\" width=\"250\" height=\"300\" \/><span class=\"su-custom-gallery-title\">20230420_115245<\/span><\/a><\/div><div class=\"su-custom-gallery-slide\" style=\"width:250px;height:300px\"><a href=\"https:\/\/szkolazabrowo.pl\/wp-content\/uploads\/2023\/05\/20230420_115248.jpg\" title=\"20230420_115248\"><img loading=\"lazy\" decoding=\"async\" src=\"https:\/\/szkolazabrowo.pl\/wp-content\/uploads\/2023\/05\/20230420_115248-250x300.jpg\" alt=\"20230420_115248\" width=\"250\" height=\"300\" \/><span class=\"su-custom-gallery-title\">20230420_115248<\/span><\/a><\/div><div class=\"su-custom-gallery-slide\" style=\"width:250px;height:300px\"><a href=\"https:\/\/szkolazabrowo.pl\/wp-content\/uploads\/2023\/05\/20230420_115616.jpg\" title=\"20230420_115616\"><img loading=\"lazy\" decoding=\"async\" src=\"https:\/\/szkolazabrowo.pl\/wp-content\/uploads\/2023\/05\/20230420_115616-250x300.jpg\" alt=\"20230420_115616\" width=\"250\" height=\"300\" \/><span class=\"su-custom-gallery-title\">20230420_115616<\/span><\/a><\/div><div class=\"su-custom-gallery-slide\" style=\"width:250px;height:300px\"><a href=\"https:\/\/szkolazabrowo.pl\/wp-content\/uploads\/2023\/05\/20230420_130458.jpg\" title=\"20230420_130458\"><img loading=\"lazy\" decoding=\"async\" src=\"https:\/\/szkolazabrowo.pl\/wp-content\/uploads\/2023\/05\/20230420_130458-250x300.jpg\" alt=\"20230420_130458\" width=\"250\" height=\"300\" \/><span class=\"su-custom-gallery-title\">20230420_130458<\/span><\/a><\/div><div class=\"su-custom-gallery-slide\" style=\"width:250px;height:300px\"><a href=\"https:\/\/szkolazabrowo.pl\/wp-content\/uploads\/2023\/05\/20230420_130618.jpg\" title=\"20230420_130618\"><img loading=\"lazy\" decoding=\"async\" src=\"https:\/\/szkolazabrowo.pl\/wp-content\/uploads\/2023\/05\/20230420_130618-250x300.jpg\" alt=\"20230420_130618\" width=\"250\" height=\"300\" \/><span class=\"su-custom-gallery-title\">20230420_130618<\/span><\/a><\/div><div class=\"su-custom-gallery-slide\" style=\"width:250px;height:300px\"><a href=\"https:\/\/szkolazabrowo.pl\/wp-content\/uploads\/2023\/05\/20230427_134813.jpg\" title=\"20230427_134813\"><img loading=\"lazy\" decoding=\"async\" src=\"https:\/\/szkolazabrowo.pl\/wp-content\/uploads\/2023\/05\/20230427_134813-250x300.jpg\" alt=\"20230427_134813\" width=\"250\" height=\"300\" \/><span class=\"su-custom-gallery-title\">20230427_134813<\/span><\/a><\/div><div class=\"su-custom-gallery-slide\" style=\"width:250px;height:300px\"><a href=\"https:\/\/szkolazabrowo.pl\/wp-content\/uploads\/2023\/05\/20230427_134835.jpg\" title=\"20230427_134835\"><img loading=\"lazy\" decoding=\"async\" src=\"https:\/\/szkolazabrowo.pl\/wp-content\/uploads\/2023\/05\/20230427_134835-250x300.jpg\" alt=\"20230427_134835\" width=\"250\" height=\"300\" \/><span class=\"su-custom-gallery-title\">20230427_134835<\/span><\/a><\/div><div class=\"su-custom-gallery-slide\" style=\"width:250px;height:300px\"><a href=\"https:\/\/szkolazabrowo.pl\/wp-content\/uploads\/2023\/05\/20230427_134846.jpg\" title=\"20230427_134846\"><img loading=\"lazy\" decoding=\"async\" src=\"https:\/\/szkolazabrowo.pl\/wp-content\/uploads\/2023\/05\/20230427_134846-250x300.jpg\" alt=\"20230427_134846\" width=\"250\" height=\"300\" \/><span class=\"su-custom-gallery-title\">20230427_134846<\/span><\/a><\/div><div class=\"su-custom-gallery-slide\" style=\"width:250px;height:300px\"><a href=\"https:\/\/szkolazabrowo.pl\/wp-content\/uploads\/2023\/05\/20230427_134853.jpg\" title=\"20230427_134853\"><img loading=\"lazy\" decoding=\"async\" src=\"https:\/\/szkolazabrowo.pl\/wp-content\/uploads\/2023\/05\/20230427_134853-250x300.jpg\" alt=\"20230427_134853\" width=\"250\" height=\"300\" \/><span class=\"su-custom-gallery-title\">20230427_134853<\/span><\/a><\/div><div class=\"su-custom-gallery-slide\" style=\"width:250px;height:300px\"><a href=\"https:\/\/szkolazabrowo.pl\/wp-content\/uploads\/2023\/05\/20230427_135025.jpg\" title=\"20230427_135025\"><img loading=\"lazy\" decoding=\"async\" src=\"https:\/\/szkolazabrowo.pl\/wp-content\/uploads\/2023\/05\/20230427_135025-250x300.jpg\" alt=\"20230427_135025\" width=\"250\" height=\"300\" \/><span class=\"su-custom-gallery-title\">20230427_135025<\/span><\/a><\/div><div class=\"su-custom-gallery-slide\" style=\"width:250px;height:300px\"><a href=\"https:\/\/szkolazabrowo.pl\/wp-content\/uploads\/2023\/05\/20230427_135102.jpg\" title=\"20230427_135102\"><img loading=\"lazy\" decoding=\"async\" src=\"https:\/\/szkolazabrowo.pl\/wp-content\/uploads\/2023\/05\/20230427_135102-250x300.jpg\" alt=\"20230427_135102\" width=\"250\" height=\"300\" \/><span class=\"su-custom-gallery-title\">20230427_135102<\/span><\/a><\/div><div class=\"su-clear\"><\/div><\/div>\n","protected":false},"excerpt":{"rendered":"<p>W ramach realizacji programu \u201eTrzymaj form\u0119\u201d &nbsp;w kwietniu zorganizowano w szkole szereg aktywno\u015bci maj\u0105cych na celu kszta\u0142towanie prozdrowotnych nawyk\u00f3w poprzez promocj\u0119 aktywno\u015bci fizycznej i nauk\u0119 prawid\u0142owego, zbilansowanego sposobu od\u017cywiania. Uczniowie klas IV &#8211; VIII uczestniczyli w \u201eBiegu po zdrowie\u201d, prezentowali <a href=\"https:\/\/szkolazabrowo.pl\/?page_id=9944\" class=\"read-more\">Czytaj wi\u0119cej &#8230;<\/a><\/p>\n","protected":false},"author":1,"featured_media":0,"parent":0,"menu_order":0,"comment_status":"closed","ping_status":"closed","template":"","meta":{"footnotes":""},"class_list":["post-9944","page","type-page","status-publish","hentry"],"_links":{"self":[{"href":"https:\/\/szkolazabrowo.pl\/index.php?rest_route=\/wp\/v2\/pages\/9944","targetHints":{"allow":["GET"]}}],"collection":[{"href":"https:\/\/szkolazabrowo.pl\/index.php?rest_route=\/wp\/v2\/pages"}],"about":[{"href":"https:\/\/szkolazabrowo.pl\/index.php?rest_route=\/wp\/v2\/types\/page"}],"author":[{"embeddable":true,"href":"https:\/\/szkolazabrowo.pl\/index.php?rest_route=\/wp\/v2\/users\/1"}],"replies":[{"embeddable":true,"href":"https:\/\/szkolazabrowo.pl\/index.php?rest_route=%2Fwp%2Fv2%2Fcomments&post=9944"}],"version-history":[{"count":2,"href":"https:\/\/szkolazabrowo.pl\/index.php?rest_route=\/wp\/v2\/pages\/9944\/revisions"}],"predecessor-version":[{"id":10158,"href":"https:\/\/szkolazabrowo.pl\/index.php?rest_route=\/wp\/v2\/pages\/9944\/revisions\/10158"}],"wp:attachment":[{"href":"https:\/\/szkolazabrowo.pl\/index.php?rest_route=%2Fwp%2Fv2%2Fmedia&parent=9944"}],"curies":[{"name":"wp","href":"https:\/\/api.w.org\/{rel}","templated":true}]}}