{"id":6798,"date":"2022-04-29T15:47:23","date_gmt":"2022-04-29T15:47:23","guid":{"rendered":"http:\/\/szkolazabrowo.pl\/?page_id=6798"},"modified":"2025-06-06T11:26:47","modified_gmt":"2025-06-06T11:26:47","slug":"sprawozdanie-finansowe-za-2021-rok","status":"publish","type":"page","link":"https:\/\/szkolazabrowo.pl\/?page_id=6798","title":{"rendered":"Sprawozdanie finansowe za 2024 rok"},"content":{"rendered":"\n<pre class=\"wp-block-preformatted\">Sprawozdanie finansowe za 2024 rok Szko\u0142y Podstawowej w Z\u0105browie znajduje si\u0119 na stronie BIP Urz\u0119du Gminy w I\u0142awie (jednostka obs\u0142uguj\u0105ca):<br><br><a href=\"https:\/\/bip.gmina-ilawa.pl\/10122\/Szkola_Podstawowa_w_Zabrowie\/\">https:\/\/bip.gmina-ilawa.pl\/10122\/Szkola_Podstawowa_w_Zabrowie\/<\/a><\/pre>\n\n\n\n<p><\/p>\n","protected":false},"excerpt":{"rendered":"<p>Sprawozdanie finansowe za 2024 rok Szko\u0142y Podstawowej w Z\u0105browie znajduje si\u0119 na stronie BIP Urz\u0119du Gminy w I\u0142awie (jednostka obs\u0142uguj\u0105ca):https:\/\/bip.gmina-ilawa.pl\/10122\/Szkola_Podstawowa_w_Zabrowie\/<\/p>\n","protected":false},"author":1,"featured_media":0,"parent":0,"menu_order":0,"comment_status":"closed","ping_status":"closed","template":"","meta":{"footnotes":""},"class_list":["post-6798","page","type-page","status-publish","hentry"],"_links":{"self":[{"href":"https:\/\/szkolazabrowo.pl\/index.php?rest_route=\/wp\/v2\/pages\/6798","targetHints":{"allow":["GET"]}}],"collection":[{"href":"https:\/\/szkolazabrowo.pl\/index.php?rest_route=\/wp\/v2\/pages"}],"about":[{"href":"https:\/\/szkolazabrowo.pl\/index.php?rest_route=\/wp\/v2\/types\/page"}],"author":[{"embeddable":true,"href":"https:\/\/szkolazabrowo.pl\/index.php?rest_route=\/wp\/v2\/users\/1"}],"replies":[{"embeddable":true,"href":"https:\/\/szkolazabrowo.pl\/index.php?rest_route=%2Fwp%2Fv2%2Fcomments&post=6798"}],"version-history":[{"count":6,"href":"https:\/\/szkolazabrowo.pl\/index.php?rest_route=\/wp\/v2\/pages\/6798\/revisions"}],"predecessor-version":[{"id":14898,"href":"https:\/\/szkolazabrowo.pl\/index.php?rest_route=\/wp\/v2\/pages\/6798\/revisions\/14898"}],"wp:attachment":[{"href":"https:\/\/szkolazabrowo.pl\/index.php?rest_route=%2Fwp%2Fv2%2Fmedia&parent=6798"}],"curies":[{"name":"wp","href":"https:\/\/api.w.org\/{rel}","templated":true}]}}