{"id":16981,"date":"2026-04-21T06:34:04","date_gmt":"2026-04-21T06:34:04","guid":{"rendered":"https:\/\/szkolazabrowo.pl\/?page_id=16981"},"modified":"2026-04-21T06:34:05","modified_gmt":"2026-04-21T06:34:05","slug":"puchar-tymbarku-etap-gminny-pelen-sportowych-emocji","status":"publish","type":"page","link":"https:\/\/szkolazabrowo.pl\/?page_id=16981","title":{"rendered":"Puchar Tymbarku \u2013 etap gminny pe\u0142en sportowych emocji!"},"content":{"rendered":"\n<p>W etapie gminnym tegorocznego Pucharu Tymbarku \u015bwietnie zaprezentowa\u0142y si\u0119 dru\u017cyny SP Z\u0105browo, pokazuj\u0105c ambicj\u0119, wol\u0119 walki i du\u017ce umiej\u0119tno\u015bci.<\/p>\n\n\n\n<p>&#x1f466; U-12 Ch\u0142opcy \u2013 II miejsce!<\/p>\n\n\n\n<p>Ch\u0142opcy w kategorii U-12 rozegrali bardzo udany turniej, wyr\u00f3\u017cniaj\u0105c si\u0119 skuteczn\u0105 i zdyscyplinowan\u0105 gr\u0105. Na przestrzeni ca\u0142ych rozgrywek stracili jedynie jedn\u0105 bramk\u0119 \u2013 dopiero w meczu fina\u0142owym, co \u015bwiadczy o ich doskona\u0142ej postawie defensywnej. Ostatecznie zaj\u0119li 2. miejsce, melduj\u0105c si\u0119 w \u015bcis\u0142ej czo\u0142\u00f3wce gminy.<\/p>\n\n\n\n<p>&#x1f467; Dziewcz\u0119ta \u2013 IV miejsce!<\/p>\n\n\n\n<p>Dru\u017cyna dziewcz\u0105t r\u00f3wnie\u017c zaprezentowa\u0142a si\u0119 bardzo dobrze. Po ambitnej i pe\u0142nej emocji rywalizacji zaj\u0119\u0142y 4. miejsce, pokazuj\u0105c ogromn\u0105 determinacj\u0119 i sportowy charakter.<\/p>\n\n\n\n<p>&#x1f44f; Gratulacje dla wszystkich!<\/p>\n\n\n\n<p>Gratulujemy zawodniczkom i zawodnikom za wspania\u0142\u0105 postaw\u0119.<\/p>\n\n\n<div class=\"su-custom-gallery su-custom-gallery-align-center su-custom-gallery-title-never\"><div class=\"su-custom-gallery-slide\" style=\"width:350px;height:300px\"><a href=\"https:\/\/szkolazabrowo.pl\/wp-content\/uploads\/2026\/04\/20260415_130532.jpg\" target=\"_blank\" title=\"20260415_130532\"><img loading=\"lazy\" decoding=\"async\" src=\"https:\/\/szkolazabrowo.pl\/wp-content\/uploads\/2026\/04\/20260415_130532-350x300.jpg\" alt=\"20260415_130532\" width=\"350\" height=\"300\" \/><span class=\"su-custom-gallery-title\">20260415_130532<\/span><\/a><\/div><div class=\"su-custom-gallery-slide\" style=\"width:350px;height:300px\"><a href=\"https:\/\/szkolazabrowo.pl\/wp-content\/uploads\/2026\/04\/Messenger_creation_926BADD3-34B3-4B79-BC50-E2311CD25567.jpeg\" target=\"_blank\" title=\"Messenger_creation_926BADD3-34B3-4B79-BC50-E2311CD25567\"><img loading=\"lazy\" decoding=\"async\" src=\"https:\/\/szkolazabrowo.pl\/wp-content\/uploads\/2026\/04\/Messenger_creation_926BADD3-34B3-4B79-BC50-E2311CD25567-350x300.jpeg\" alt=\"Messenger_creation_926BADD3-34B3-4B79-BC50-E2311CD25567\" width=\"350\" height=\"300\" \/><span class=\"su-custom-gallery-title\">Messenger_creation_926BADD3-34B3-4B79-BC50-E2311CD25567<\/span><\/a><\/div><div class=\"su-custom-gallery-slide\" style=\"width:350px;height:300px\"><a href=\"https:\/\/szkolazabrowo.pl\/wp-content\/uploads\/2026\/04\/20260415_113842.jpg\" target=\"_blank\" title=\"20260415_113842\"><img loading=\"lazy\" decoding=\"async\" src=\"https:\/\/szkolazabrowo.pl\/wp-content\/uploads\/2026\/04\/20260415_113842-350x300.jpg\" alt=\"20260415_113842\" width=\"350\" height=\"300\" \/><span class=\"su-custom-gallery-title\">20260415_113842<\/span><\/a><\/div><div class=\"su-custom-gallery-slide\" style=\"width:350px;height:300px\"><a href=\"https:\/\/szkolazabrowo.pl\/wp-content\/uploads\/2026\/04\/Messenger_creation_15F61D54-4BDA-4337-A053-2152D091D21E.jpeg\" target=\"_blank\" title=\"Messenger_creation_15F61D54-4BDA-4337-A053-2152D091D21E\"><img loading=\"lazy\" decoding=\"async\" src=\"https:\/\/szkolazabrowo.pl\/wp-content\/uploads\/2026\/04\/Messenger_creation_15F61D54-4BDA-4337-A053-2152D091D21E-350x300.jpeg\" alt=\"Messenger_creation_15F61D54-4BDA-4337-A053-2152D091D21E\" width=\"350\" height=\"300\" \/><span class=\"su-custom-gallery-title\">Messenger_creation_15F61D54-4BDA-4337-A053-2152D091D21E<\/span><\/a><\/div><div class=\"su-clear\"><\/div><\/div>\n","protected":false},"excerpt":{"rendered":"<p>W etapie gminnym tegorocznego Pucharu Tymbarku \u015bwietnie zaprezentowa\u0142y si\u0119 dru\u017cyny SP Z\u0105browo, pokazuj\u0105c ambicj\u0119, wol\u0119 walki i du\u017ce umiej\u0119tno\u015bci. &#x1f466; U-12 Ch\u0142opcy \u2013 II miejsce! Ch\u0142opcy w kategorii U-12 rozegrali bardzo udany turniej, wyr\u00f3\u017cniaj\u0105c si\u0119 skuteczn\u0105 i zdyscyplinowan\u0105 gr\u0105. Na <a href=\"https:\/\/szkolazabrowo.pl\/?page_id=16981\" class=\"read-more\">Czytaj wi\u0119cej &#8230;<\/a><\/p>\n","protected":false},"author":1,"featured_media":0,"parent":0,"menu_order":0,"comment_status":"closed","ping_status":"closed","template":"","meta":{"footnotes":""},"class_list":["post-16981","page","type-page","status-publish","hentry"],"_links":{"self":[{"href":"https:\/\/szkolazabrowo.pl\/index.php?rest_route=\/wp\/v2\/pages\/16981","targetHints":{"allow":["GET"]}}],"collection":[{"href":"https:\/\/szkolazabrowo.pl\/index.php?rest_route=\/wp\/v2\/pages"}],"about":[{"href":"https:\/\/szkolazabrowo.pl\/index.php?rest_route=\/wp\/v2\/types\/page"}],"author":[{"embeddable":true,"href":"https:\/\/szkolazabrowo.pl\/index.php?rest_route=\/wp\/v2\/users\/1"}],"replies":[{"embeddable":true,"href":"https:\/\/szkolazabrowo.pl\/index.php?rest_route=%2Fwp%2Fv2%2Fcomments&post=16981"}],"version-history":[{"count":1,"href":"https:\/\/szkolazabrowo.pl\/index.php?rest_route=\/wp\/v2\/pages\/16981\/revisions"}],"predecessor-version":[{"id":16987,"href":"https:\/\/szkolazabrowo.pl\/index.php?rest_route=\/wp\/v2\/pages\/16981\/revisions\/16987"}],"wp:attachment":[{"href":"https:\/\/szkolazabrowo.pl\/index.php?rest_route=%2Fwp%2Fv2%2Fmedia&parent=16981"}],"curies":[{"name":"wp","href":"https:\/\/api.w.org\/{rel}","templated":true}]}}