{"id":16637,"date":"2026-03-26T12:20:30","date_gmt":"2026-03-26T12:20:30","guid":{"rendered":"https:\/\/szkolazabrowo.pl\/?page_id=16637"},"modified":"2026-04-01T05:46:20","modified_gmt":"2026-04-01T05:46:20","slug":"warsztaty-z-p-z-jerzwaldu","status":"publish","type":"page","link":"https:\/\/szkolazabrowo.pl\/?page_id=16637","title":{"rendered":"Warsztaty przyrodnicze Wiosenne Przebudzenie"},"content":{"rendered":"\n<p><em>Dnia <strong>18 marca 2026 r.<\/strong> nasz\u0105 szko\u0142\u0119 odwiedzi\u0142a edukatorka przyrodnicza, pani Agnieszka Drapiewska, z Zespo\u0142u Park\u00f3w Krajobrazowych Pojezierza I\u0142awskiego i Wzg\u00f3rz Dylewskich&nbsp;w Jerzwa\u0142dzie.<\/em><\/p>\n\n\n\n<p><em>&nbsp;&nbsp;&nbsp;&nbsp;&nbsp; Podczas spotkania z uczniami klas I \u2013 III wsp\u00f3lnie odkrywali\u015bmy tajemnice \u201ewiosennego przebudzenia przyrody\u201d. Dzieci mia\u0142y okazj\u0119 prowadzi\u0107 obserwacje z wykorzystaniem lup, dzi\u0119ki kt\u00f3rym mog\u0142y z bliska przyjrze\u0107 si\u0119 naturalnym okazom \u2013 m.in. ga\u0142\u0105zkom wierzby i leszczyny. Z zainteresowaniem ogl\u0105da\u0142y m\u0142ode p\u0105ki li\u015bciowe i kwiatowe oraz poznawa\u0142y struktur\u0119 kory drzew.<\/em><\/p>\n\n\n\n<p><em>&nbsp;&nbsp;&nbsp;&nbsp;&nbsp; Uczniowie obejrzeli r\u00f3wnie\u017c prezentacj\u0119 ukazuj\u0105c\u0105 pierwsze oznaki wiosny w \u015bwiecie ro\u015blin i ptak\u00f3w, wzbogacon\u0105 o autentyczne odg\u0142osy przyrody. Dowiedzieli si\u0119, jakie owady i zwierz\u0119ta budz\u0105 si\u0119 do \u017cycia wraz z nadej\u015bciem tej wyj\u0105tkowej pory roku.<\/em><\/p>\n\n\n\n<p><em>&nbsp;&nbsp;&nbsp;&nbsp;&nbsp; Warsztaty, kt\u00f3re zorganizowa\u0142a p. M. <strong>Nawratil<\/strong>, by\u0142y niezwykle interesuj\u0105ce i pe\u0142ne inspiruj\u0105cych odkry\u0107.<\/em><\/p>\n\n\n<div class=\"su-custom-gallery su-custom-gallery-align-center su-custom-gallery-title-never\"><div class=\"su-custom-gallery-slide\" style=\"width:350px;height:300px\"><a href=\"https:\/\/szkolazabrowo.pl\/wp-content\/uploads\/2026\/03\/IMG_20260318_142200-scaled.jpg\" target=\"_blank\" title=\"IMG_20260318_142200\"><img loading=\"lazy\" decoding=\"async\" src=\"https:\/\/szkolazabrowo.pl\/wp-content\/uploads\/2026\/03\/IMG_20260318_142200-scaled.jpg\" alt=\"IMG_20260318_142200\" width=\"350\" height=\"300\" \/><span class=\"su-custom-gallery-title\">IMG_20260318_142200<\/span><\/a><\/div><div class=\"su-custom-gallery-slide\" style=\"width:350px;height:300px\"><a href=\"https:\/\/szkolazabrowo.pl\/wp-content\/uploads\/2026\/03\/IMG_20260318_080805.jpg\" target=\"_blank\" title=\"IMG_20260318_080805\"><img loading=\"lazy\" decoding=\"async\" src=\"https:\/\/szkolazabrowo.pl\/wp-content\/uploads\/2026\/03\/IMG_20260318_080805-350x300.jpg\" alt=\"IMG_20260318_080805\" width=\"350\" height=\"300\" \/><span class=\"su-custom-gallery-title\">IMG_20260318_080805<\/span><\/a><\/div><div class=\"su-custom-gallery-slide\" style=\"width:350px;height:300px\"><a href=\"https:\/\/szkolazabrowo.pl\/wp-content\/uploads\/2026\/03\/IMG_20260318_081906.jpg\" target=\"_blank\" title=\"IMG_20260318_081906\"><img loading=\"lazy\" decoding=\"async\" src=\"https:\/\/szkolazabrowo.pl\/wp-content\/uploads\/2026\/03\/IMG_20260318_081906-350x300.jpg\" alt=\"IMG_20260318_081906\" width=\"350\" height=\"300\" \/><span class=\"su-custom-gallery-title\">IMG_20260318_081906<\/span><\/a><\/div><div class=\"su-custom-gallery-slide\" style=\"width:350px;height:300px\"><a href=\"https:\/\/szkolazabrowo.pl\/wp-content\/uploads\/2026\/03\/IMG_20260318_081908.jpg\" target=\"_blank\" title=\"IMG_20260318_081908\"><img loading=\"lazy\" decoding=\"async\" src=\"https:\/\/szkolazabrowo.pl\/wp-content\/uploads\/2026\/03\/IMG_20260318_081908-350x300.jpg\" alt=\"IMG_20260318_081908\" width=\"350\" height=\"300\" \/><span class=\"su-custom-gallery-title\">IMG_20260318_081908<\/span><\/a><\/div><div class=\"su-custom-gallery-slide\" style=\"width:350px;height:300px\"><a href=\"https:\/\/szkolazabrowo.pl\/wp-content\/uploads\/2026\/03\/IMG_20260318_081911.jpg\" target=\"_blank\" title=\"IMG_20260318_081911\"><img loading=\"lazy\" decoding=\"async\" src=\"https:\/\/szkolazabrowo.pl\/wp-content\/uploads\/2026\/03\/IMG_20260318_081911-350x300.jpg\" alt=\"IMG_20260318_081911\" width=\"350\" height=\"300\" \/><span class=\"su-custom-gallery-title\">IMG_20260318_081911<\/span><\/a><\/div><div class=\"su-custom-gallery-slide\" style=\"width:350px;height:300px\"><a href=\"https:\/\/szkolazabrowo.pl\/wp-content\/uploads\/2026\/03\/IMG_20260318_081913.jpg\" target=\"_blank\" title=\"IMG_20260318_081913\"><img loading=\"lazy\" decoding=\"async\" src=\"https:\/\/szkolazabrowo.pl\/wp-content\/uploads\/2026\/03\/IMG_20260318_081913-350x300.jpg\" alt=\"IMG_20260318_081913\" width=\"350\" height=\"300\" \/><span class=\"su-custom-gallery-title\">IMG_20260318_081913<\/span><\/a><\/div><div class=\"su-custom-gallery-slide\" style=\"width:350px;height:300px\"><a href=\"https:\/\/szkolazabrowo.pl\/wp-content\/uploads\/2026\/03\/IMG_20260318_082044.jpg\" target=\"_blank\" title=\"IMG_20260318_082044\"><img loading=\"lazy\" decoding=\"async\" src=\"https:\/\/szkolazabrowo.pl\/wp-content\/uploads\/2026\/03\/IMG_20260318_082044-350x300.jpg\" alt=\"IMG_20260318_082044\" width=\"350\" height=\"300\" \/><span class=\"su-custom-gallery-title\">IMG_20260318_082044<\/span><\/a><\/div><div class=\"su-custom-gallery-slide\" style=\"width:350px;height:300px\"><a href=\"https:\/\/szkolazabrowo.pl\/wp-content\/uploads\/2026\/03\/IMG_20260318_082102.jpg\" target=\"_blank\" title=\"IMG_20260318_082102\"><img loading=\"lazy\" decoding=\"async\" src=\"https:\/\/szkolazabrowo.pl\/wp-content\/uploads\/2026\/03\/IMG_20260318_082102-350x300.jpg\" alt=\"IMG_20260318_082102\" width=\"350\" height=\"300\" \/><span class=\"su-custom-gallery-title\">IMG_20260318_082102<\/span><\/a><\/div><div class=\"su-custom-gallery-slide\" style=\"width:350px;height:300px\"><a href=\"https:\/\/szkolazabrowo.pl\/wp-content\/uploads\/2026\/03\/IMG_20260318_082107.jpg\" target=\"_blank\" title=\"IMG_20260318_082107\"><img loading=\"lazy\" decoding=\"async\" src=\"https:\/\/szkolazabrowo.pl\/wp-content\/uploads\/2026\/03\/IMG_20260318_082107-350x300.jpg\" alt=\"IMG_20260318_082107\" width=\"350\" height=\"300\" \/><span class=\"su-custom-gallery-title\">IMG_20260318_082107<\/span><\/a><\/div><div class=\"su-custom-gallery-slide\" style=\"width:350px;height:300px\"><a href=\"https:\/\/szkolazabrowo.pl\/wp-content\/uploads\/2026\/03\/IMG_20260318_082209.jpg\" target=\"_blank\" title=\"IMG_20260318_082209\"><img loading=\"lazy\" decoding=\"async\" src=\"https:\/\/szkolazabrowo.pl\/wp-content\/uploads\/2026\/03\/IMG_20260318_082209-350x300.jpg\" alt=\"IMG_20260318_082209\" width=\"350\" height=\"300\" \/><span class=\"su-custom-gallery-title\">IMG_20260318_082209<\/span><\/a><\/div><div class=\"su-custom-gallery-slide\" style=\"width:350px;height:300px\"><a href=\"https:\/\/szkolazabrowo.pl\/wp-content\/uploads\/2026\/03\/IMG_20260318_082218.jpg\" target=\"_blank\" title=\"IMG_20260318_082218\"><img loading=\"lazy\" decoding=\"async\" src=\"https:\/\/szkolazabrowo.pl\/wp-content\/uploads\/2026\/03\/IMG_20260318_082218-350x300.jpg\" alt=\"IMG_20260318_082218\" width=\"350\" height=\"300\" \/><span class=\"su-custom-gallery-title\">IMG_20260318_082218<\/span><\/a><\/div><div class=\"su-custom-gallery-slide\" style=\"width:350px;height:300px\"><a href=\"https:\/\/szkolazabrowo.pl\/wp-content\/uploads\/2026\/03\/IMG_20260318_082247.jpg\" target=\"_blank\" title=\"IMG_20260318_082247\"><img loading=\"lazy\" decoding=\"async\" src=\"https:\/\/szkolazabrowo.pl\/wp-content\/uploads\/2026\/03\/IMG_20260318_082247-350x300.jpg\" alt=\"IMG_20260318_082247\" width=\"350\" height=\"300\" \/><span class=\"su-custom-gallery-title\">IMG_20260318_082247<\/span><\/a><\/div><div class=\"su-custom-gallery-slide\" style=\"width:350px;height:300px\"><a href=\"https:\/\/szkolazabrowo.pl\/wp-content\/uploads\/2026\/03\/IMG_20260318_082356.jpg\" target=\"_blank\" title=\"IMG_20260318_082356\"><img loading=\"lazy\" decoding=\"async\" src=\"https:\/\/szkolazabrowo.pl\/wp-content\/uploads\/2026\/03\/IMG_20260318_082356-350x300.jpg\" alt=\"IMG_20260318_082356\" width=\"350\" height=\"300\" \/><span class=\"su-custom-gallery-title\">IMG_20260318_082356<\/span><\/a><\/div><div class=\"su-custom-gallery-slide\" style=\"width:350px;height:300px\"><a href=\"https:\/\/szkolazabrowo.pl\/wp-content\/uploads\/2026\/03\/IMG_20260318_082404.jpg\" target=\"_blank\" title=\"IMG_20260318_082404\"><img loading=\"lazy\" decoding=\"async\" src=\"https:\/\/szkolazabrowo.pl\/wp-content\/uploads\/2026\/03\/IMG_20260318_082404-350x300.jpg\" alt=\"IMG_20260318_082404\" width=\"350\" height=\"300\" \/><span class=\"su-custom-gallery-title\">IMG_20260318_082404<\/span><\/a><\/div><div class=\"su-custom-gallery-slide\" style=\"width:350px;height:300px\"><a href=\"https:\/\/szkolazabrowo.pl\/wp-content\/uploads\/2026\/03\/IMG_20260318_082415.jpg\" target=\"_blank\" title=\"IMG_20260318_082415\"><img loading=\"lazy\" decoding=\"async\" src=\"https:\/\/szkolazabrowo.pl\/wp-content\/uploads\/2026\/03\/IMG_20260318_082415-350x300.jpg\" alt=\"IMG_20260318_082415\" width=\"350\" height=\"300\" \/><span class=\"su-custom-gallery-title\">IMG_20260318_082415<\/span><\/a><\/div><div class=\"su-custom-gallery-slide\" style=\"width:350px;height:300px\"><a href=\"https:\/\/szkolazabrowo.pl\/wp-content\/uploads\/2026\/03\/IMG_20260318_082613.jpg\" target=\"_blank\" title=\"IMG_20260318_082613\"><img loading=\"lazy\" decoding=\"async\" src=\"https:\/\/szkolazabrowo.pl\/wp-content\/uploads\/2026\/03\/IMG_20260318_082613-350x300.jpg\" alt=\"IMG_20260318_082613\" width=\"350\" height=\"300\" \/><span class=\"su-custom-gallery-title\">IMG_20260318_082613<\/span><\/a><\/div><div class=\"su-custom-gallery-slide\" style=\"width:350px;height:300px\"><a href=\"https:\/\/szkolazabrowo.pl\/wp-content\/uploads\/2026\/03\/IMG_20260318_082616.jpg\" target=\"_blank\" title=\"IMG_20260318_082616\"><img loading=\"lazy\" decoding=\"async\" src=\"https:\/\/szkolazabrowo.pl\/wp-content\/uploads\/2026\/03\/IMG_20260318_082616-350x300.jpg\" alt=\"IMG_20260318_082616\" width=\"350\" height=\"300\" \/><span class=\"su-custom-gallery-title\">IMG_20260318_082616<\/span><\/a><\/div><div class=\"su-custom-gallery-slide\" style=\"width:350px;height:300px\"><a href=\"https:\/\/szkolazabrowo.pl\/wp-content\/uploads\/2026\/03\/IMG_20260318_083532.jpg\" target=\"_blank\" title=\"IMG_20260318_083532\"><img loading=\"lazy\" decoding=\"async\" src=\"https:\/\/szkolazabrowo.pl\/wp-content\/uploads\/2026\/03\/IMG_20260318_083532-350x300.jpg\" alt=\"IMG_20260318_083532\" width=\"350\" height=\"300\" \/><span class=\"su-custom-gallery-title\">IMG_20260318_083532<\/span><\/a><\/div><div class=\"su-custom-gallery-slide\" style=\"width:350px;height:300px\"><a href=\"https:\/\/szkolazabrowo.pl\/wp-content\/uploads\/2026\/03\/IMG_20260318_083540-scaled.jpg\" target=\"_blank\" title=\"IMG_20260318_083540\"><img loading=\"lazy\" decoding=\"async\" src=\"https:\/\/szkolazabrowo.pl\/wp-content\/uploads\/2026\/03\/IMG_20260318_083540-scaled.jpg\" alt=\"IMG_20260318_083540\" width=\"350\" height=\"300\" \/><span class=\"su-custom-gallery-title\">IMG_20260318_083540<\/span><\/a><\/div><div class=\"su-custom-gallery-slide\" style=\"width:350px;height:300px\"><a href=\"https:\/\/szkolazabrowo.pl\/wp-content\/uploads\/2026\/03\/IMG_20260318_083627-scaled.jpg\" target=\"_blank\" title=\"IMG_20260318_083627\"><img loading=\"lazy\" decoding=\"async\" src=\"https:\/\/szkolazabrowo.pl\/wp-content\/uploads\/2026\/03\/IMG_20260318_083627-scaled.jpg\" alt=\"IMG_20260318_083627\" width=\"350\" height=\"300\" \/><span class=\"su-custom-gallery-title\">IMG_20260318_083627<\/span><\/a><\/div><div class=\"su-custom-gallery-slide\" style=\"width:350px;height:300px\"><a href=\"https:\/\/szkolazabrowo.pl\/wp-content\/uploads\/2026\/03\/IMG_20260318_083643-scaled.jpg\" target=\"_blank\" title=\"IMG_20260318_083643\"><img loading=\"lazy\" decoding=\"async\" src=\"https:\/\/szkolazabrowo.pl\/wp-content\/uploads\/2026\/03\/IMG_20260318_083643-scaled.jpg\" alt=\"IMG_20260318_083643\" width=\"350\" height=\"300\" \/><span class=\"su-custom-gallery-title\">IMG_20260318_083643<\/span><\/a><\/div><div class=\"su-custom-gallery-slide\" style=\"width:350px;height:300px\"><a href=\"https:\/\/szkolazabrowo.pl\/wp-content\/uploads\/2026\/03\/IMG_20260318_083654-scaled.jpg\" target=\"_blank\" title=\"IMG_20260318_083654\"><img loading=\"lazy\" decoding=\"async\" src=\"https:\/\/szkolazabrowo.pl\/wp-content\/uploads\/2026\/03\/IMG_20260318_083654-scaled.jpg\" alt=\"IMG_20260318_083654\" width=\"350\" height=\"300\" \/><span class=\"su-custom-gallery-title\">IMG_20260318_083654<\/span><\/a><\/div><div class=\"su-custom-gallery-slide\" style=\"width:350px;height:300px\"><a href=\"https:\/\/szkolazabrowo.pl\/wp-content\/uploads\/2026\/03\/IMG_20260318_083905-scaled.jpg\" target=\"_blank\" title=\"IMG_20260318_083905\"><img loading=\"lazy\" decoding=\"async\" src=\"https:\/\/szkolazabrowo.pl\/wp-content\/uploads\/2026\/03\/IMG_20260318_083905-scaled.jpg\" alt=\"IMG_20260318_083905\" width=\"350\" height=\"300\" \/><span class=\"su-custom-gallery-title\">IMG_20260318_083905<\/span><\/a><\/div><div class=\"su-custom-gallery-slide\" style=\"width:350px;height:300px\"><a href=\"https:\/\/szkolazabrowo.pl\/wp-content\/uploads\/2026\/03\/IMG_20260318_084124-scaled.jpg\" target=\"_blank\" title=\"IMG_20260318_084124\"><img loading=\"lazy\" decoding=\"async\" src=\"https:\/\/szkolazabrowo.pl\/wp-content\/uploads\/2026\/03\/IMG_20260318_084124-scaled.jpg\" alt=\"IMG_20260318_084124\" width=\"350\" height=\"300\" \/><span class=\"su-custom-gallery-title\">IMG_20260318_084124<\/span><\/a><\/div><div class=\"su-custom-gallery-slide\" style=\"width:350px;height:300px\"><a href=\"https:\/\/szkolazabrowo.pl\/wp-content\/uploads\/2026\/03\/IMG_20260318_084154-scaled.jpg\" target=\"_blank\" title=\"IMG_20260318_084154\"><img loading=\"lazy\" decoding=\"async\" src=\"https:\/\/szkolazabrowo.pl\/wp-content\/uploads\/2026\/03\/IMG_20260318_084154-scaled.jpg\" alt=\"IMG_20260318_084154\" width=\"350\" height=\"300\" \/><span class=\"su-custom-gallery-title\">IMG_20260318_084154<\/span><\/a><\/div><div class=\"su-custom-gallery-slide\" style=\"width:350px;height:300px\"><a href=\"https:\/\/szkolazabrowo.pl\/wp-content\/uploads\/2026\/03\/IMG_20260318_084452-scaled.jpg\" target=\"_blank\" title=\"IMG_20260318_084452\"><img loading=\"lazy\" decoding=\"async\" src=\"https:\/\/szkolazabrowo.pl\/wp-content\/uploads\/2026\/03\/IMG_20260318_084452-scaled.jpg\" alt=\"IMG_20260318_084452\" width=\"350\" height=\"300\" \/><span class=\"su-custom-gallery-title\">IMG_20260318_084452<\/span><\/a><\/div><div class=\"su-custom-gallery-slide\" style=\"width:350px;height:300px\"><a href=\"https:\/\/szkolazabrowo.pl\/wp-content\/uploads\/2026\/03\/IMG_20260318_084456-scaled.jpg\" target=\"_blank\" title=\"IMG_20260318_084456\"><img loading=\"lazy\" decoding=\"async\" src=\"https:\/\/szkolazabrowo.pl\/wp-content\/uploads\/2026\/03\/IMG_20260318_084456-scaled.jpg\" alt=\"IMG_20260318_084456\" width=\"350\" height=\"300\" \/><span class=\"su-custom-gallery-title\">IMG_20260318_084456<\/span><\/a><\/div><div class=\"su-custom-gallery-slide\" style=\"width:350px;height:300px\"><a href=\"https:\/\/szkolazabrowo.pl\/wp-content\/uploads\/2026\/03\/IMG_20260318_084501-scaled.jpg\" target=\"_blank\" title=\"IMG_20260318_084501\"><img loading=\"lazy\" decoding=\"async\" src=\"https:\/\/szkolazabrowo.pl\/wp-content\/uploads\/2026\/03\/IMG_20260318_084501-scaled.jpg\" alt=\"IMG_20260318_084501\" width=\"350\" height=\"300\" \/><span class=\"su-custom-gallery-title\">IMG_20260318_084501<\/span><\/a><\/div><div class=\"su-clear\"><\/div><\/div>\n\n\n<div class=\"su-custom-gallery su-custom-gallery-align-center su-custom-gallery-title-never\"><div class=\"su-custom-gallery-slide\" style=\"width:350px;height:300px\"><a href=\"https:\/\/szkolazabrowo.pl\/wp-content\/uploads\/2026\/04\/IMG_20260318_103548215.jpg\" target=\"_blank\" title=\"IMG_20260318_103548215\"><img loading=\"lazy\" decoding=\"async\" src=\"https:\/\/szkolazabrowo.pl\/wp-content\/uploads\/2026\/04\/IMG_20260318_103548215-350x300.jpg\" alt=\"IMG_20260318_103548215\" width=\"350\" height=\"300\" \/><span class=\"su-custom-gallery-title\">IMG_20260318_103548215<\/span><\/a><\/div><div class=\"su-custom-gallery-slide\" style=\"width:350px;height:300px\"><a href=\"https:\/\/szkolazabrowo.pl\/wp-content\/uploads\/2026\/04\/IMG_20260318_103419039.jpg\" target=\"_blank\" title=\"IMG_20260318_103419039\"><img loading=\"lazy\" decoding=\"async\" src=\"https:\/\/szkolazabrowo.pl\/wp-content\/uploads\/2026\/04\/IMG_20260318_103419039-350x300.jpg\" alt=\"IMG_20260318_103419039\" width=\"350\" height=\"300\" \/><span class=\"su-custom-gallery-title\">IMG_20260318_103419039<\/span><\/a><\/div><div class=\"su-custom-gallery-slide\" style=\"width:350px;height:300px\"><a href=\"https:\/\/szkolazabrowo.pl\/wp-content\/uploads\/2026\/04\/IMG_20260318_101100176.jpg\" target=\"_blank\" title=\"IMG_20260318_101100176\"><img loading=\"lazy\" decoding=\"async\" src=\"https:\/\/szkolazabrowo.pl\/wp-content\/uploads\/2026\/04\/IMG_20260318_101100176-350x300.jpg\" alt=\"IMG_20260318_101100176\" width=\"350\" height=\"300\" \/><span class=\"su-custom-gallery-title\">IMG_20260318_101100176<\/span><\/a><\/div><div class=\"su-custom-gallery-slide\" style=\"width:350px;height:300px\"><a href=\"https:\/\/szkolazabrowo.pl\/wp-content\/uploads\/2026\/04\/IMG_20260318_102638763.jpg\" target=\"_blank\" title=\"IMG_20260318_102638763\"><img loading=\"lazy\" decoding=\"async\" src=\"https:\/\/szkolazabrowo.pl\/wp-content\/uploads\/2026\/04\/IMG_20260318_102638763-350x300.jpg\" alt=\"IMG_20260318_102638763\" width=\"350\" height=\"300\" \/><span class=\"su-custom-gallery-title\">IMG_20260318_102638763<\/span><\/a><\/div><div class=\"su-custom-gallery-slide\" style=\"width:350px;height:300px\"><a href=\"https:\/\/szkolazabrowo.pl\/wp-content\/uploads\/2026\/04\/IMG_20260318_103410251.jpg\" target=\"_blank\" title=\"IMG_20260318_103410251\"><img loading=\"lazy\" decoding=\"async\" src=\"https:\/\/szkolazabrowo.pl\/wp-content\/uploads\/2026\/04\/IMG_20260318_103410251-350x300.jpg\" alt=\"IMG_20260318_103410251\" width=\"350\" height=\"300\" \/><span class=\"su-custom-gallery-title\">IMG_20260318_103410251<\/span><\/a><\/div><div class=\"su-custom-gallery-slide\" style=\"width:350px;height:300px\"><a href=\"https:\/\/szkolazabrowo.pl\/wp-content\/uploads\/2026\/04\/IMG_20260318_102657144.jpg\" target=\"_blank\" title=\"IMG_20260318_102657144\"><img loading=\"lazy\" decoding=\"async\" src=\"https:\/\/szkolazabrowo.pl\/wp-content\/uploads\/2026\/04\/IMG_20260318_102657144-350x300.jpg\" alt=\"IMG_20260318_102657144\" width=\"350\" height=\"300\" \/><span class=\"su-custom-gallery-title\">IMG_20260318_102657144<\/span><\/a><\/div><div class=\"su-clear\"><\/div><\/div>\n","protected":false},"excerpt":{"rendered":"<p>Dnia 18 marca 2026 r. nasz\u0105 szko\u0142\u0119 odwiedzi\u0142a edukatorka przyrodnicza, pani Agnieszka Drapiewska, z Zespo\u0142u Park\u00f3w Krajobrazowych Pojezierza I\u0142awskiego i Wzg\u00f3rz Dylewskich&nbsp;w Jerzwa\u0142dzie. &nbsp;&nbsp;&nbsp;&nbsp;&nbsp; Podczas spotkania z uczniami klas I \u2013 III wsp\u00f3lnie odkrywali\u015bmy tajemnice \u201ewiosennego przebudzenia przyrody\u201d. Dzieci mia\u0142y <a href=\"https:\/\/szkolazabrowo.pl\/?page_id=16637\" class=\"read-more\">Czytaj wi\u0119cej &#8230;<\/a><\/p>\n","protected":false},"author":1,"featured_media":0,"parent":0,"menu_order":0,"comment_status":"closed","ping_status":"closed","template":"","meta":{"footnotes":""},"class_list":["post-16637","page","type-page","status-publish","hentry"],"_links":{"self":[{"href":"https:\/\/szkolazabrowo.pl\/index.php?rest_route=\/wp\/v2\/pages\/16637","targetHints":{"allow":["GET"]}}],"collection":[{"href":"https:\/\/szkolazabrowo.pl\/index.php?rest_route=\/wp\/v2\/pages"}],"about":[{"href":"https:\/\/szkolazabrowo.pl\/index.php?rest_route=\/wp\/v2\/types\/page"}],"author":[{"embeddable":true,"href":"https:\/\/szkolazabrowo.pl\/index.php?rest_route=\/wp\/v2\/users\/1"}],"replies":[{"embeddable":true,"href":"https:\/\/szkolazabrowo.pl\/index.php?rest_route=%2Fwp%2Fv2%2Fcomments&post=16637"}],"version-history":[{"count":3,"href":"https:\/\/szkolazabrowo.pl\/index.php?rest_route=\/wp\/v2\/pages\/16637\/revisions"}],"predecessor-version":[{"id":16749,"href":"https:\/\/szkolazabrowo.pl\/index.php?rest_route=\/wp\/v2\/pages\/16637\/revisions\/16749"}],"wp:attachment":[{"href":"https:\/\/szkolazabrowo.pl\/index.php?rest_route=%2Fwp%2Fv2%2Fmedia&parent=16637"}],"curies":[{"name":"wp","href":"https:\/\/api.w.org\/{rel}","templated":true}]}}