{"id":16390,"date":"2026-02-17T12:18:06","date_gmt":"2026-02-17T12:18:06","guid":{"rendered":"https:\/\/szkolazabrowo.pl\/?page_id=16390"},"modified":"2026-02-17T12:18:09","modified_gmt":"2026-02-17T12:18:09","slug":"walentynkowa-akcja-charytatywna-na-rzecz-schroniska-dla-zwierzat","status":"publish","type":"page","link":"https:\/\/szkolazabrowo.pl\/?page_id=16390","title":{"rendered":"Walentynkowa Akcja Charytatywna na rzecz Schroniska dla Zwierz\u0105t"},"content":{"rendered":"\n<p>13 lutego w naszej szkole&nbsp; odby\u0142a si\u0119 wyj\u0105tkowa, pe\u0142na serca <strong>Walentynkowa Akcja Charytatywna na rzecz Schroniska dla Zwierz\u0105t<\/strong>. Organizatorem wydarzenia by\u0142 <strong>Samorz\u0105d Uczniowski<\/strong>, kt\u00f3ry zadba\u0142 o ka\u017cdy szczeg\u00f3\u0142 i koordynowa\u0142 wszystkie atrakcje. Tego dnia ca\u0142a szko\u0142a zaanga\u017cowa\u0142a si\u0119 w pomoc czworono\u017cnym podopiecznym Schronisko dla Zwierz\u0105t, \u0142\u0105cz\u0105c dobr\u0105 zabaw\u0119 z niesieniem wsparcia.<\/p>\n\n\n\n<h3 class=\"wp-block-heading\">&#x2764;&#xfe0f; Poczta walentynkowa w ci\u0105gu dnia<\/h3>\n\n\n\n<p>Ju\u017c od rana dzia\u0142a\u0142a szkolna <strong>Poczta Walentynkowa<\/strong>. Uczniowie mogli wysy\u0142a\u0107 kartki z \u017cyczeniami, mi\u0142ymi s\u0142owami i wyrazami sympatii do swoich kole\u017canek, koleg\u00f3w oraz nauczycieli. Specjalnie przygotowana skrzynka szybko zape\u0142ni\u0142a si\u0119 kolorowymi walentynkami, a szkolni \u201elistonosze\u201d z u\u015bmiechem roznosili je do adresat\u00f3w. Atmosfera by\u0142a pe\u0142na rado\u015bci, \u017cyczliwo\u015bci i pozytywnych emocji.<\/p>\n\n\n\n<p><strong>Dyskoteka walentynkowa po po\u0142udniu&nbsp;<\/strong><\/p>\n\n\n\n<p>Po lekcjach szko\u0142a zamieni\u0142a si\u0119 w prawdziw\u0105 sal\u0119 taneczn\u0105. Podczas <strong>Walentynkowej Dyskoteki<\/strong> uczniowie bawili si\u0119 przy ulubionej muzyce, ta\u0144cz\u0105c i wsp\u00f3lnie sp\u0119dzaj\u0105c czas. Sala by\u0142a pi\u0119knie udekorowana w czerwonych barwach, z serduszkami i walentynkowymi ozdobami.<\/p>\n\n\n\n<p>Na uczestnik\u00f3w czeka\u0142o wiele atrakcji:<\/p>\n\n\n\n<ul class=\"wp-block-list\">\n<li><strong>S\u0142odki bufet<\/strong> pe\u0142en domowych ciast, babeczek i innych smako\u0142yk\u00f3w,<\/li>\n\n\n\n<li><strong>Zabawa fantowa<\/strong>, w kt\u00f3rej mo\u017cna by\u0142o wygra\u0107 ciekawe nagrody,<\/li>\n\n\n\n<li><strong>Robienie warkoczyk\u00f3w<\/strong>, kt\u00f3re cieszy\u0142o si\u0119 ogromnym zainteresowaniem,<\/li>\n\n\n\n<li><strong>Malowanie twarzy<\/strong> w walentynkowe wzory \u2013 serduszka, kwiatuszki i kolorowe motywy.<\/li>\n<\/ul>\n\n\n\n<p>Doch\u00f3d z wydarzenia zostanie przeznaczony na wsparcie schroniska \u2013 zakup karmy oraz najpotrzebniejszych artyku\u0142\u00f3w dla zwierz\u0105t.<\/p>\n\n\n\n<p>To by\u0142 dzie\u0144 pe\u0142en u\u015bmiechu, integracji i prawdziwej solidarno\u015bci. Dzi\u0119ki ogromnemu zaanga\u017cowaniu <strong>Samorz\u0105du Uczniowskiego<\/strong>, uczni\u00f3w, nauczycieli i rodzic\u00f3w uda\u0142o si\u0119 po\u0142\u0105czy\u0107 \u015bwi\u0119towanie Walentynek z pi\u0119kn\u0105 ide\u0105 pomagania. &#x2764;&#xfe0f;<\/p>\n\n\n<div class=\"su-custom-gallery su-custom-gallery-align-center su-custom-gallery-title-never\"><div class=\"su-custom-gallery-slide\" style=\"width:350px;height:300px\"><a href=\"https:\/\/szkolazabrowo.pl\/wp-content\/uploads\/2026\/02\/IMG_20260213_172808.jpg\" target=\"_blank\" title=\"IMG_20260213_172808\"><img loading=\"lazy\" decoding=\"async\" src=\"https:\/\/szkolazabrowo.pl\/wp-content\/uploads\/2026\/02\/IMG_20260213_172808-350x300.jpg\" alt=\"IMG_20260213_172808\" width=\"350\" height=\"300\" \/><span class=\"su-custom-gallery-title\">IMG_20260213_172808<\/span><\/a><\/div><div class=\"su-custom-gallery-slide\" style=\"width:350px;height:300px\"><a href=\"https:\/\/szkolazabrowo.pl\/wp-content\/uploads\/2026\/02\/IMG_20260213_160823.jpg\" target=\"_blank\" title=\"IMG_20260213_160823\"><img loading=\"lazy\" decoding=\"async\" src=\"https:\/\/szkolazabrowo.pl\/wp-content\/uploads\/2026\/02\/IMG_20260213_160823-350x300.jpg\" alt=\"IMG_20260213_160823\" width=\"350\" height=\"300\" \/><span class=\"su-custom-gallery-title\">IMG_20260213_160823<\/span><\/a><\/div><div class=\"su-custom-gallery-slide\" style=\"width:350px;height:300px\"><a href=\"https:\/\/szkolazabrowo.pl\/wp-content\/uploads\/2026\/02\/IMG_20260213_165728.jpg\" target=\"_blank\" title=\"IMG_20260213_165728\"><img loading=\"lazy\" decoding=\"async\" src=\"https:\/\/szkolazabrowo.pl\/wp-content\/uploads\/2026\/02\/IMG_20260213_165728-350x300.jpg\" alt=\"IMG_20260213_165728\" width=\"350\" height=\"300\" \/><span class=\"su-custom-gallery-title\">IMG_20260213_165728<\/span><\/a><\/div><div class=\"su-custom-gallery-slide\" style=\"width:350px;height:300px\"><a href=\"https:\/\/szkolazabrowo.pl\/wp-content\/uploads\/2026\/02\/IMG_20260213_172751.jpg\" target=\"_blank\" title=\"IMG_20260213_172751\"><img loading=\"lazy\" decoding=\"async\" src=\"https:\/\/szkolazabrowo.pl\/wp-content\/uploads\/2026\/02\/IMG_20260213_172751-350x300.jpg\" alt=\"IMG_20260213_172751\" width=\"350\" height=\"300\" \/><span class=\"su-custom-gallery-title\">IMG_20260213_172751<\/span><\/a><\/div><div class=\"su-custom-gallery-slide\" style=\"width:350px;height:300px\"><a href=\"https:\/\/szkolazabrowo.pl\/wp-content\/uploads\/2026\/02\/IMG_20260213_172756.jpg\" target=\"_blank\" title=\"IMG_20260213_172756\"><img loading=\"lazy\" decoding=\"async\" src=\"https:\/\/szkolazabrowo.pl\/wp-content\/uploads\/2026\/02\/IMG_20260213_172756-350x300.jpg\" alt=\"IMG_20260213_172756\" width=\"350\" height=\"300\" \/><span class=\"su-custom-gallery-title\">IMG_20260213_172756<\/span><\/a><\/div><div class=\"su-custom-gallery-slide\" style=\"width:350px;height:300px\"><a href=\"https:\/\/szkolazabrowo.pl\/wp-content\/uploads\/2026\/02\/IMG_20260213_174122.jpg\" target=\"_blank\" title=\"IMG_20260213_174122\"><img loading=\"lazy\" decoding=\"async\" src=\"https:\/\/szkolazabrowo.pl\/wp-content\/uploads\/2026\/02\/IMG_20260213_174122-350x300.jpg\" alt=\"IMG_20260213_174122\" width=\"350\" height=\"300\" \/><span class=\"su-custom-gallery-title\">IMG_20260213_174122<\/span><\/a><\/div><div class=\"su-custom-gallery-slide\" style=\"width:350px;height:300px\"><a href=\"https:\/\/szkolazabrowo.pl\/wp-content\/uploads\/2026\/02\/IMG_20260213_154833.jpg\" target=\"_blank\" title=\"IMG_20260213_154833\"><img loading=\"lazy\" decoding=\"async\" src=\"https:\/\/szkolazabrowo.pl\/wp-content\/uploads\/2026\/02\/IMG_20260213_154833-350x300.jpg\" alt=\"IMG_20260213_154833\" width=\"350\" height=\"300\" \/><span class=\"su-custom-gallery-title\">IMG_20260213_154833<\/span><\/a><\/div><div class=\"su-custom-gallery-slide\" style=\"width:350px;height:300px\"><a href=\"https:\/\/szkolazabrowo.pl\/wp-content\/uploads\/2026\/02\/IMG_20260213_160820.jpg\" target=\"_blank\" title=\"IMG_20260213_160820\"><img loading=\"lazy\" decoding=\"async\" src=\"https:\/\/szkolazabrowo.pl\/wp-content\/uploads\/2026\/02\/IMG_20260213_160820-350x300.jpg\" alt=\"IMG_20260213_160820\" width=\"350\" height=\"300\" \/><span class=\"su-custom-gallery-title\">IMG_20260213_160820<\/span><\/a><\/div><div class=\"su-custom-gallery-slide\" style=\"width:350px;height:300px\"><a href=\"https:\/\/szkolazabrowo.pl\/wp-content\/uploads\/2026\/02\/IMG_20260213_161926.jpg\" target=\"_blank\" title=\"IMG_20260213_161926\"><img loading=\"lazy\" decoding=\"async\" src=\"https:\/\/szkolazabrowo.pl\/wp-content\/uploads\/2026\/02\/IMG_20260213_161926-350x300.jpg\" alt=\"IMG_20260213_161926\" width=\"350\" height=\"300\" \/><span class=\"su-custom-gallery-title\">IMG_20260213_161926<\/span><\/a><\/div><div class=\"su-custom-gallery-slide\" style=\"width:350px;height:300px\"><a href=\"https:\/\/szkolazabrowo.pl\/wp-content\/uploads\/2026\/02\/IMG_20260213_162009.jpg\" target=\"_blank\" title=\"IMG_20260213_162009\"><img loading=\"lazy\" decoding=\"async\" src=\"https:\/\/szkolazabrowo.pl\/wp-content\/uploads\/2026\/02\/IMG_20260213_162009-350x300.jpg\" alt=\"IMG_20260213_162009\" width=\"350\" height=\"300\" \/><span class=\"su-custom-gallery-title\">IMG_20260213_162009<\/span><\/a><\/div><div class=\"su-custom-gallery-slide\" style=\"width:350px;height:300px\"><a href=\"https:\/\/szkolazabrowo.pl\/wp-content\/uploads\/2026\/02\/IMG_20260213_164130.jpg\" target=\"_blank\" title=\"IMG_20260213_164130\"><img loading=\"lazy\" decoding=\"async\" src=\"https:\/\/szkolazabrowo.pl\/wp-content\/uploads\/2026\/02\/IMG_20260213_164130-350x300.jpg\" alt=\"IMG_20260213_164130\" width=\"350\" height=\"300\" \/><span class=\"su-custom-gallery-title\">IMG_20260213_164130<\/span><\/a><\/div><div class=\"su-custom-gallery-slide\" style=\"width:350px;height:300px\"><a href=\"https:\/\/szkolazabrowo.pl\/wp-content\/uploads\/2026\/02\/IMG_20260213_154715.jpg\" target=\"_blank\" title=\"IMG_20260213_154715\"><img loading=\"lazy\" decoding=\"async\" src=\"https:\/\/szkolazabrowo.pl\/wp-content\/uploads\/2026\/02\/IMG_20260213_154715-350x300.jpg\" alt=\"IMG_20260213_154715\" width=\"350\" height=\"300\" \/><span class=\"su-custom-gallery-title\">IMG_20260213_154715<\/span><\/a><\/div><div class=\"su-clear\"><\/div><\/div>\n","protected":false},"excerpt":{"rendered":"<p>13 lutego w naszej szkole&nbsp; odby\u0142a si\u0119 wyj\u0105tkowa, pe\u0142na serca Walentynkowa Akcja Charytatywna na rzecz Schroniska dla Zwierz\u0105t. Organizatorem wydarzenia by\u0142 Samorz\u0105d Uczniowski, kt\u00f3ry zadba\u0142 o ka\u017cdy szczeg\u00f3\u0142 i koordynowa\u0142 wszystkie atrakcje. Tego dnia ca\u0142a szko\u0142a zaanga\u017cowa\u0142a si\u0119 w pomoc <a href=\"https:\/\/szkolazabrowo.pl\/?page_id=16390\" class=\"read-more\">Czytaj wi\u0119cej &#8230;<\/a><\/p>\n","protected":false},"author":1,"featured_media":0,"parent":0,"menu_order":0,"comment_status":"closed","ping_status":"closed","template":"","meta":{"footnotes":""},"class_list":["post-16390","page","type-page","status-publish","hentry"],"_links":{"self":[{"href":"https:\/\/szkolazabrowo.pl\/index.php?rest_route=\/wp\/v2\/pages\/16390","targetHints":{"allow":["GET"]}}],"collection":[{"href":"https:\/\/szkolazabrowo.pl\/index.php?rest_route=\/wp\/v2\/pages"}],"about":[{"href":"https:\/\/szkolazabrowo.pl\/index.php?rest_route=\/wp\/v2\/types\/page"}],"author":[{"embeddable":true,"href":"https:\/\/szkolazabrowo.pl\/index.php?rest_route=\/wp\/v2\/users\/1"}],"replies":[{"embeddable":true,"href":"https:\/\/szkolazabrowo.pl\/index.php?rest_route=%2Fwp%2Fv2%2Fcomments&post=16390"}],"version-history":[{"count":1,"href":"https:\/\/szkolazabrowo.pl\/index.php?rest_route=\/wp\/v2\/pages\/16390\/revisions"}],"predecessor-version":[{"id":16404,"href":"https:\/\/szkolazabrowo.pl\/index.php?rest_route=\/wp\/v2\/pages\/16390\/revisions\/16404"}],"wp:attachment":[{"href":"https:\/\/szkolazabrowo.pl\/index.php?rest_route=%2Fwp%2Fv2%2Fmedia&parent=16390"}],"curies":[{"name":"wp","href":"https:\/\/api.w.org\/{rel}","templated":true}]}}