{"id":15005,"date":"2025-06-12T08:06:44","date_gmt":"2025-06-12T08:06:44","guid":{"rendered":"http:\/\/szkolazabrowo.pl\/?page_id=15005"},"modified":"2025-06-12T08:06:45","modified_gmt":"2025-06-12T08:06:45","slug":"turniej-pilki-noznej-klas-iv-i-mlodszych","status":"publish","type":"page","link":"https:\/\/szkolazabrowo.pl\/?page_id=15005","title":{"rendered":"Turniej pi\u0142ki no\u017cnej klas IV i m\u0142odszych"},"content":{"rendered":"\n<p>Dzieciaki da\u0142y z siebie wszystko! &#x1f4aa;<\/p>\n\n\n\n<p>Nasi ch\u0142opcy spisali si\u0119 znakomicie, walcz\u0105c do ostatniego gwizdka i zdobyli 2 miejsce &#x1f948;! Brawo za wol\u0119 walki, gr\u0119 zespo\u0142ow\u0105 i u\u015bmiechy mimo trudnych mecz\u00f3w! &#x1f44f;&#x1f44f;&#x1f44f;<\/p>\n\n\n\n<p>Dziewcz\u0119ta dzielnie stawia\u0142y czo\u0142a rywalom, walcz\u0105c o ka\u017cdy punkt i ka\u017cd\u0105 bramk\u0119 w fazie grupowej. Cho\u0107 tym razem nie uda\u0142o si\u0119 wyj\u015b\u0107 z grupy, pokaza\u0142y charakter, zaanga\u017cowanie i serce do gry!<\/p>\n\n\n<div class=\"su-custom-gallery su-custom-gallery-align-left su-custom-gallery-title-never\"><div class=\"su-custom-gallery-slide\" style=\"width:350px;height:300px\"><a href=\"https:\/\/szkolazabrowo.pl\/wp-content\/uploads\/2025\/06\/20250605_124438.jpg\" title=\"20250605_124438\"><img loading=\"lazy\" decoding=\"async\" src=\"https:\/\/szkolazabrowo.pl\/wp-content\/uploads\/2025\/06\/20250605_124438-350x300.jpg\" alt=\"20250605_124438\" width=\"350\" height=\"300\" \/><span class=\"su-custom-gallery-title\">20250605_124438<\/span><\/a><\/div><div class=\"su-custom-gallery-slide\" style=\"width:350px;height:300px\"><a href=\"https:\/\/szkolazabrowo.pl\/wp-content\/uploads\/2025\/06\/20250605_124438-1.jpg\" title=\"20250605_124438-1\"><img loading=\"lazy\" decoding=\"async\" src=\"https:\/\/szkolazabrowo.pl\/wp-content\/uploads\/2025\/06\/20250605_124438-1-350x300.jpg\" alt=\"20250605_124438-1\" width=\"350\" height=\"300\" \/><span class=\"su-custom-gallery-title\">20250605_124438-1<\/span><\/a><\/div><div class=\"su-custom-gallery-slide\" style=\"width:350px;height:300px\"><a href=\"https:\/\/szkolazabrowo.pl\/wp-content\/uploads\/2025\/06\/20250605_125047.jpg\" title=\"20250605_125047\"><img loading=\"lazy\" decoding=\"async\" src=\"https:\/\/szkolazabrowo.pl\/wp-content\/uploads\/2025\/06\/20250605_125047-350x300.jpg\" alt=\"20250605_125047\" width=\"350\" height=\"300\" \/><span class=\"su-custom-gallery-title\">20250605_125047<\/span><\/a><\/div><div class=\"su-custom-gallery-slide\" style=\"width:350px;height:300px\"><a href=\"https:\/\/szkolazabrowo.pl\/wp-content\/uploads\/2025\/06\/20250605_125048.jpg\" title=\"20250605_125048\"><img loading=\"lazy\" decoding=\"async\" src=\"https:\/\/szkolazabrowo.pl\/wp-content\/uploads\/2025\/06\/20250605_125048-350x300.jpg\" alt=\"20250605_125048\" width=\"350\" height=\"300\" \/><span class=\"su-custom-gallery-title\">20250605_125048<\/span><\/a><\/div><div class=\"su-clear\"><\/div><\/div>\n","protected":false},"excerpt":{"rendered":"<p>Dzieciaki da\u0142y z siebie wszystko! &#x1f4aa; Nasi ch\u0142opcy spisali si\u0119 znakomicie, walcz\u0105c do ostatniego gwizdka i zdobyli 2 miejsce &#x1f948;! Brawo za wol\u0119 walki, gr\u0119 zespo\u0142ow\u0105 i u\u015bmiechy mimo trudnych mecz\u00f3w! &#x1f44f;&#x1f44f;&#x1f44f; Dziewcz\u0119ta dzielnie stawia\u0142y czo\u0142a rywalom, walcz\u0105c o ka\u017cdy <a href=\"https:\/\/szkolazabrowo.pl\/?page_id=15005\" class=\"read-more\">Czytaj wi\u0119cej &#8230;<\/a><\/p>\n","protected":false},"author":1,"featured_media":0,"parent":0,"menu_order":0,"comment_status":"closed","ping_status":"closed","template":"","meta":{"footnotes":""},"class_list":["post-15005","page","type-page","status-publish","hentry"],"_links":{"self":[{"href":"https:\/\/szkolazabrowo.pl\/index.php?rest_route=\/wp\/v2\/pages\/15005","targetHints":{"allow":["GET"]}}],"collection":[{"href":"https:\/\/szkolazabrowo.pl\/index.php?rest_route=\/wp\/v2\/pages"}],"about":[{"href":"https:\/\/szkolazabrowo.pl\/index.php?rest_route=\/wp\/v2\/types\/page"}],"author":[{"embeddable":true,"href":"https:\/\/szkolazabrowo.pl\/index.php?rest_route=\/wp\/v2\/users\/1"}],"replies":[{"embeddable":true,"href":"https:\/\/szkolazabrowo.pl\/index.php?rest_route=%2Fwp%2Fv2%2Fcomments&post=15005"}],"version-history":[{"count":1,"href":"https:\/\/szkolazabrowo.pl\/index.php?rest_route=\/wp\/v2\/pages\/15005\/revisions"}],"predecessor-version":[{"id":15011,"href":"https:\/\/szkolazabrowo.pl\/index.php?rest_route=\/wp\/v2\/pages\/15005\/revisions\/15011"}],"wp:attachment":[{"href":"https:\/\/szkolazabrowo.pl\/index.php?rest_route=%2Fwp%2Fv2%2Fmedia&parent=15005"}],"curies":[{"name":"wp","href":"https:\/\/api.w.org\/{rel}","templated":true}]}}