{"id":14408,"date":"2025-05-07T07:34:32","date_gmt":"2025-05-07T07:34:32","guid":{"rendered":"http:\/\/szkolazabrowo.pl\/?page_id=14408"},"modified":"2025-05-07T07:34:35","modified_gmt":"2025-05-07T07:34:35","slug":"swieto-uchwalenia-konstytucji-3-maja","status":"publish","type":"page","link":"https:\/\/szkolazabrowo.pl\/?page_id=14408","title":{"rendered":"\u015awi\u0119to Uchwalenia Konstytucji 3 Maja"},"content":{"rendered":"\n<p>Z okazji \u015awi\u0119ta Uchwalenia Konstytucji 3 Maja, 30 kwietnia&nbsp; w naszej szkole odby\u0142 si\u0119 turniej klas, kt\u00f3ry dostarczy\u0142 wielu emocji i rado\u015bci.&nbsp;&nbsp; Uczniowie rywalizowali w r\u00f3\u017cnych konkurencjach sportowych, matematycznych oraz historycznych, sprawdzaj\u0105cych wiedz\u0119 o wydarzeniach z 1791 roku. Uczniowie zaprezentowali r\u00f3wnie\u017c przygotowane wcze\u015bniej plakaty ( klasy I \u2013 III) oraz portrety ( klasy IV \u2013 VIII)&nbsp; \u201eOjc\u00f3w Konstytucji\u201d. Podczas kr\u00f3tkiego podsumowania, kt\u00f3re odby\u0142o si\u0119 na na pi\u0105tej godzinie lekcyjnej przypomniano znaczenie Konstytucji 3 Maja jako pierwszej w Europie i drugiej na \u015bwiecie. Turniej mia\u0142 nie tylko charakter edukacyjny, ale tak\u017ce integracyjny \u2014 uczniowie wspierali si\u0119 nawzajem i wsp\u00f3lnie \u015bwi\u0119towali tak wa\u017cne wydarzenie w historii Polski. Wr\u0119czono tak\u017ce&nbsp; nagrody za udzia\u0142 w konkursie plastycznym. W\u015br\u00f3d wyr\u00f3\u017cnionych uczni\u00f3w klas I \u2013 III zostali:<\/p>\n\n\n\n<p>I miejsce \u2013 Amelia Przekopowicz kl. I<\/p>\n\n\n\n<p>II miejsce \u2013 Wiktor Wi\u015bniewski, kl. I<\/p>\n\n\n\n<p>III miejsce \u2013 Filip Kubie\u0144ski, kl. III<\/p>\n\n\n\n<p>Wyr\u00f3\u017cnion\u0105 prac\u0105 zosta\u0142 plakat Jagody Felczak z&nbsp; kl. II.<\/p>\n\n\n\n<p>W konkursie plastycznym brali r\u00f3wnie\u017c udzia\u0142 uczniowie klas IV \u2013 VIII. Najciekawsze prace wykonali:<\/p>\n\n\n\n<p>I miejsce \u2013 Ma\u0142gorzata Pi\u0119kos, kl. VI A<\/p>\n\n\n\n<p>II miejsce \u2013 Aniela Czubi\u0144ska, kl. VIII<\/p>\n\n\n\n<p>III miejsce \u2013 Lena Skamarska, kl. VIII<\/p>\n\n\n\n<p>Tytu\u0142 \u201eNAJLEPSI Z KONSTYTUCJI\u201d w tym roku otrzyma\u0142a klasa VIII.<\/p>\n\n\n\n<p>Ca\u0142o\u015b\u0107 przebieg\u0142a w radosnej, patriotycznej atmosferze, a najlepsi uczestnicy zostali nagrodzeni drobnymi upominkami oraz dyplomami.<\/p>\n\n\n<div class=\"su-custom-gallery su-custom-gallery-align-left su-custom-gallery-title-never\"><div class=\"su-custom-gallery-slide\" style=\"width:350px;height:300px\"><a href=\"https:\/\/szkolazabrowo.pl\/wp-content\/uploads\/2025\/05\/Messenger_creation_4F1DA0E0-D4FC-48AB-8413-88AF611FE701.jpeg\" title=\"Messenger_creation_4F1DA0E0-D4FC-48AB-8413-88AF611FE701\"><img loading=\"lazy\" decoding=\"async\" src=\"https:\/\/szkolazabrowo.pl\/wp-content\/uploads\/2025\/05\/Messenger_creation_4F1DA0E0-D4FC-48AB-8413-88AF611FE701-350x300.jpeg\" alt=\"Messenger_creation_4F1DA0E0-D4FC-48AB-8413-88AF611FE701\" width=\"350\" height=\"300\" \/><span class=\"su-custom-gallery-title\">Messenger_creation_4F1DA0E0-D4FC-48AB-8413-88AF611FE701<\/span><\/a><\/div><div class=\"su-custom-gallery-slide\" style=\"width:350px;height:300px\"><a href=\"https:\/\/szkolazabrowo.pl\/wp-content\/uploads\/2025\/05\/Messenger_creation_08DAD8EB-A692-4664-AC0B-7531229F03AD.jpeg\" title=\"Messenger_creation_08DAD8EB-A692-4664-AC0B-7531229F03AD\"><img loading=\"lazy\" decoding=\"async\" src=\"https:\/\/szkolazabrowo.pl\/wp-content\/uploads\/2025\/05\/Messenger_creation_08DAD8EB-A692-4664-AC0B-7531229F03AD-350x300.jpeg\" alt=\"Messenger_creation_08DAD8EB-A692-4664-AC0B-7531229F03AD\" width=\"350\" height=\"300\" \/><span class=\"su-custom-gallery-title\">Messenger_creation_08DAD8EB-A692-4664-AC0B-7531229F03AD<\/span><\/a><\/div><div class=\"su-custom-gallery-slide\" style=\"width:350px;height:300px\"><a href=\"https:\/\/szkolazabrowo.pl\/wp-content\/uploads\/2025\/05\/Messenger_creation_60C7C935-A353-4479-B3BC-762807991D3A.jpeg\" title=\"Messenger_creation_60C7C935-A353-4479-B3BC-762807991D3A\"><img loading=\"lazy\" decoding=\"async\" src=\"https:\/\/szkolazabrowo.pl\/wp-content\/uploads\/2025\/05\/Messenger_creation_60C7C935-A353-4479-B3BC-762807991D3A-350x300.jpeg\" alt=\"Messenger_creation_60C7C935-A353-4479-B3BC-762807991D3A\" width=\"350\" height=\"300\" \/><span class=\"su-custom-gallery-title\">Messenger_creation_60C7C935-A353-4479-B3BC-762807991D3A<\/span><\/a><\/div><div class=\"su-custom-gallery-slide\" style=\"width:350px;height:300px\"><a href=\"https:\/\/szkolazabrowo.pl\/wp-content\/uploads\/2025\/05\/Messenger_creation_82DBA73E-6DBA-46B7-B742-6BBD29BC368A.jpeg\" title=\"Messenger_creation_82DBA73E-6DBA-46B7-B742-6BBD29BC368A\"><img loading=\"lazy\" decoding=\"async\" src=\"https:\/\/szkolazabrowo.pl\/wp-content\/uploads\/2025\/05\/Messenger_creation_82DBA73E-6DBA-46B7-B742-6BBD29BC368A-350x300.jpeg\" alt=\"Messenger_creation_82DBA73E-6DBA-46B7-B742-6BBD29BC368A\" width=\"350\" height=\"300\" \/><span class=\"su-custom-gallery-title\">Messenger_creation_82DBA73E-6DBA-46B7-B742-6BBD29BC368A<\/span><\/a><\/div><div class=\"su-custom-gallery-slide\" style=\"width:350px;height:300px\"><a href=\"https:\/\/szkolazabrowo.pl\/wp-content\/uploads\/2025\/05\/Messenger_creation_2092A6ED-0687-4502-8A0C-4042776D11A7.jpeg\" title=\"Messenger_creation_2092A6ED-0687-4502-8A0C-4042776D11A7\"><img loading=\"lazy\" decoding=\"async\" src=\"https:\/\/szkolazabrowo.pl\/wp-content\/uploads\/2025\/05\/Messenger_creation_2092A6ED-0687-4502-8A0C-4042776D11A7-350x300.jpeg\" alt=\"Messenger_creation_2092A6ED-0687-4502-8A0C-4042776D11A7\" width=\"350\" height=\"300\" \/><span class=\"su-custom-gallery-title\">Messenger_creation_2092A6ED-0687-4502-8A0C-4042776D11A7<\/span><\/a><\/div><div class=\"su-custom-gallery-slide\" style=\"width:350px;height:300px\"><a href=\"https:\/\/szkolazabrowo.pl\/wp-content\/uploads\/2025\/05\/Messenger_creation_3918B94B-D08C-4752-8B2C-2008E592AE0E.jpeg\" title=\"Messenger_creation_3918B94B-D08C-4752-8B2C-2008E592AE0E\"><img loading=\"lazy\" decoding=\"async\" src=\"https:\/\/szkolazabrowo.pl\/wp-content\/uploads\/2025\/05\/Messenger_creation_3918B94B-D08C-4752-8B2C-2008E592AE0E-350x300.jpeg\" alt=\"Messenger_creation_3918B94B-D08C-4752-8B2C-2008E592AE0E\" width=\"350\" height=\"300\" \/><span class=\"su-custom-gallery-title\">Messenger_creation_3918B94B-D08C-4752-8B2C-2008E592AE0E<\/span><\/a><\/div><div class=\"su-custom-gallery-slide\" style=\"width:350px;height:300px\"><a href=\"https:\/\/szkolazabrowo.pl\/wp-content\/uploads\/2025\/05\/Messenger_creation_93106C0F-2CDA-48DE-99E4-A912FA30D347.jpeg\" title=\"Messenger_creation_93106C0F-2CDA-48DE-99E4-A912FA30D347\"><img loading=\"lazy\" decoding=\"async\" src=\"https:\/\/szkolazabrowo.pl\/wp-content\/uploads\/2025\/05\/Messenger_creation_93106C0F-2CDA-48DE-99E4-A912FA30D347-350x300.jpeg\" alt=\"Messenger_creation_93106C0F-2CDA-48DE-99E4-A912FA30D347\" width=\"350\" height=\"300\" \/><span class=\"su-custom-gallery-title\">Messenger_creation_93106C0F-2CDA-48DE-99E4-A912FA30D347<\/span><\/a><\/div><div class=\"su-custom-gallery-slide\" style=\"width:350px;height:300px\"><a href=\"https:\/\/szkolazabrowo.pl\/wp-content\/uploads\/2025\/05\/Messenger_creation_A5AD30D5-07FB-4A04-9C7D-52FD2CA12178.jpeg\" title=\"Messenger_creation_A5AD30D5-07FB-4A04-9C7D-52FD2CA12178\"><img loading=\"lazy\" decoding=\"async\" src=\"https:\/\/szkolazabrowo.pl\/wp-content\/uploads\/2025\/05\/Messenger_creation_A5AD30D5-07FB-4A04-9C7D-52FD2CA12178-350x300.jpeg\" alt=\"Messenger_creation_A5AD30D5-07FB-4A04-9C7D-52FD2CA12178\" width=\"350\" height=\"300\" \/><span class=\"su-custom-gallery-title\">Messenger_creation_A5AD30D5-07FB-4A04-9C7D-52FD2CA12178<\/span><\/a><\/div><div class=\"su-custom-gallery-slide\" style=\"width:350px;height:300px\"><a href=\"https:\/\/szkolazabrowo.pl\/wp-content\/uploads\/2025\/05\/Messenger_creation_A9D0F590-F2DA-46E6-80F6-2648F2130AE2.jpeg\" title=\"Messenger_creation_A9D0F590-F2DA-46E6-80F6-2648F2130AE2\"><img loading=\"lazy\" decoding=\"async\" src=\"https:\/\/szkolazabrowo.pl\/wp-content\/uploads\/2025\/05\/Messenger_creation_A9D0F590-F2DA-46E6-80F6-2648F2130AE2-350x300.jpeg\" alt=\"Messenger_creation_A9D0F590-F2DA-46E6-80F6-2648F2130AE2\" width=\"350\" height=\"300\" \/><span class=\"su-custom-gallery-title\">Messenger_creation_A9D0F590-F2DA-46E6-80F6-2648F2130AE2<\/span><\/a><\/div><div class=\"su-custom-gallery-slide\" style=\"width:350px;height:300px\"><a href=\"https:\/\/szkolazabrowo.pl\/wp-content\/uploads\/2025\/05\/Messenger_creation_B2D10D5F-75F5-4493-9047-3EE6CF589FC5.jpeg\" title=\"Messenger_creation_B2D10D5F-75F5-4493-9047-3EE6CF589FC5\"><img loading=\"lazy\" decoding=\"async\" src=\"https:\/\/szkolazabrowo.pl\/wp-content\/uploads\/2025\/05\/Messenger_creation_B2D10D5F-75F5-4493-9047-3EE6CF589FC5-350x300.jpeg\" alt=\"Messenger_creation_B2D10D5F-75F5-4493-9047-3EE6CF589FC5\" width=\"350\" height=\"300\" \/><span class=\"su-custom-gallery-title\">Messenger_creation_B2D10D5F-75F5-4493-9047-3EE6CF589FC5<\/span><\/a><\/div><div class=\"su-custom-gallery-slide\" style=\"width:350px;height:300px\"><a href=\"https:\/\/szkolazabrowo.pl\/wp-content\/uploads\/2025\/05\/Messenger_creation_DB5912D9-6109-4578-B100-66E151D9A042.jpeg\" title=\"Messenger_creation_DB5912D9-6109-4578-B100-66E151D9A042\"><img loading=\"lazy\" decoding=\"async\" src=\"https:\/\/szkolazabrowo.pl\/wp-content\/uploads\/2025\/05\/Messenger_creation_DB5912D9-6109-4578-B100-66E151D9A042-350x300.jpeg\" alt=\"Messenger_creation_DB5912D9-6109-4578-B100-66E151D9A042\" width=\"350\" height=\"300\" \/><span class=\"su-custom-gallery-title\">Messenger_creation_DB5912D9-6109-4578-B100-66E151D9A042<\/span><\/a><\/div><div class=\"su-custom-gallery-slide\" style=\"width:350px;height:300px\"><a href=\"https:\/\/szkolazabrowo.pl\/wp-content\/uploads\/2025\/05\/Messenger_creation_E94D45A6-D866-41EC-BF5F-F23E5E9D4DE5.jpeg\" title=\"Messenger_creation_E94D45A6-D866-41EC-BF5F-F23E5E9D4DE5\"><img loading=\"lazy\" decoding=\"async\" src=\"https:\/\/szkolazabrowo.pl\/wp-content\/uploads\/2025\/05\/Messenger_creation_E94D45A6-D866-41EC-BF5F-F23E5E9D4DE5-350x300.jpeg\" alt=\"Messenger_creation_E94D45A6-D866-41EC-BF5F-F23E5E9D4DE5\" width=\"350\" height=\"300\" \/><span class=\"su-custom-gallery-title\">Messenger_creation_E94D45A6-D866-41EC-BF5F-F23E5E9D4DE5<\/span><\/a><\/div><div class=\"su-clear\"><\/div><\/div>\n","protected":false},"excerpt":{"rendered":"<p>Z okazji \u015awi\u0119ta Uchwalenia Konstytucji 3 Maja, 30 kwietnia&nbsp; w naszej szkole odby\u0142 si\u0119 turniej klas, kt\u00f3ry dostarczy\u0142 wielu emocji i rado\u015bci.&nbsp;&nbsp; Uczniowie rywalizowali w r\u00f3\u017cnych konkurencjach sportowych, matematycznych oraz historycznych, sprawdzaj\u0105cych wiedz\u0119 o wydarzeniach z 1791 roku. Uczniowie zaprezentowali <a href=\"https:\/\/szkolazabrowo.pl\/?page_id=14408\" class=\"read-more\">Czytaj wi\u0119cej &#8230;<\/a><\/p>\n","protected":false},"author":1,"featured_media":0,"parent":0,"menu_order":0,"comment_status":"closed","ping_status":"closed","template":"","meta":{"footnotes":""},"class_list":["post-14408","page","type-page","status-publish","hentry"],"_links":{"self":[{"href":"https:\/\/szkolazabrowo.pl\/index.php?rest_route=\/wp\/v2\/pages\/14408","targetHints":{"allow":["GET"]}}],"collection":[{"href":"https:\/\/szkolazabrowo.pl\/index.php?rest_route=\/wp\/v2\/pages"}],"about":[{"href":"https:\/\/szkolazabrowo.pl\/index.php?rest_route=\/wp\/v2\/types\/page"}],"author":[{"embeddable":true,"href":"https:\/\/szkolazabrowo.pl\/index.php?rest_route=\/wp\/v2\/users\/1"}],"replies":[{"embeddable":true,"href":"https:\/\/szkolazabrowo.pl\/index.php?rest_route=%2Fwp%2Fv2%2Fcomments&post=14408"}],"version-history":[{"count":1,"href":"https:\/\/szkolazabrowo.pl\/index.php?rest_route=\/wp\/v2\/pages\/14408\/revisions"}],"predecessor-version":[{"id":14422,"href":"https:\/\/szkolazabrowo.pl\/index.php?rest_route=\/wp\/v2\/pages\/14408\/revisions\/14422"}],"wp:attachment":[{"href":"https:\/\/szkolazabrowo.pl\/index.php?rest_route=%2Fwp%2Fv2%2Fmedia&parent=14408"}],"curies":[{"name":"wp","href":"https:\/\/api.w.org\/{rel}","templated":true}]}}