{"id":14373,"date":"2025-05-05T05:53:53","date_gmt":"2025-05-05T05:53:53","guid":{"rendered":"http:\/\/szkolazabrowo.pl\/?page_id=14373"},"modified":"2025-05-07T07:04:02","modified_gmt":"2025-05-07T07:04:02","slug":"czyste-jeziora-i-rzeki","status":"publish","type":"page","link":"https:\/\/szkolazabrowo.pl\/?page_id=14373","title":{"rendered":"Czyste Jeziora i Rzeki"},"content":{"rendered":"\n<p>Uczniowie naszej szko\u0142y w ostatnich dniach kwietnia, z zaanga\u017cowaniem wzi\u0119li udzia\u0142 w ekologicznej akcji &#8222;Czyste Jeziora i Rzeki&#8221;, kt\u00f3rej celem jest uprz\u0105tni\u0119cie przestrzeni publicznej. W ramach dzia\u0142a\u0144 porz\u0105dkowych uczniowie klas I\u2013VI sprz\u0105tali teren wok\u00f3\u0142 szko\u0142y, place zabaw, \u015bcie\u017ck\u0119 rowerow\u0105 w kierunku Segnowy, okolice ko\u015bcio\u0142a, brzegi rzeki Osy i jeziora Z\u0105browskiego, pobocze drogi z Z\u0105browa do Kamionki oraz tereny le\u015bne. Akcja by\u0142a doskona\u0142\u0105 okazj\u0105 do promowania postaw proekologicznych oraz u\u015bwiadomienia uczniom, jak wa\u017cna jest troska o \u015brodowisko. Tego typu inicjatywy maj\u0105 prawdziwy sens \u2013 wida\u0107 to po ilo\u015bci zebranych \u015bmieci i aktywnym udziale uczestnik\u00f3w.<\/p>\n\n\n<div class=\"su-custom-gallery su-custom-gallery-align-left su-custom-gallery-title-never\"><div class=\"su-custom-gallery-slide\" style=\"width:350px;height:300px\"><a href=\"https:\/\/szkolazabrowo.pl\/wp-content\/uploads\/2025\/05\/892136075571834310.jpg\" title=\"-892136075571834310\"><img loading=\"lazy\" decoding=\"async\" src=\"https:\/\/szkolazabrowo.pl\/wp-content\/uploads\/2025\/05\/892136075571834310-350x300.jpg\" alt=\"-892136075571834310\" width=\"350\" height=\"300\" \/><span class=\"su-custom-gallery-title\">-892136075571834310<\/span><\/a><\/div><div class=\"su-custom-gallery-slide\" style=\"width:350px;height:300px\"><a href=\"https:\/\/szkolazabrowo.pl\/wp-content\/uploads\/2025\/05\/3781381522874814347.jpg\" title=\"-3781381522874814347\"><img loading=\"lazy\" decoding=\"async\" src=\"https:\/\/szkolazabrowo.pl\/wp-content\/uploads\/2025\/05\/3781381522874814347-350x300.jpg\" alt=\"-3781381522874814347\" width=\"350\" height=\"300\" \/><span class=\"su-custom-gallery-title\">-3781381522874814347<\/span><\/a><\/div><div class=\"su-custom-gallery-slide\" style=\"width:350px;height:300px\"><a href=\"https:\/\/szkolazabrowo.pl\/wp-content\/uploads\/2025\/05\/IMG_20250429_120549.jpg\" title=\"IMG_20250429_120549\"><img loading=\"lazy\" decoding=\"async\" src=\"https:\/\/szkolazabrowo.pl\/wp-content\/uploads\/2025\/05\/IMG_20250429_120549-350x300.jpg\" alt=\"IMG_20250429_120549\" width=\"350\" height=\"300\" \/><span class=\"su-custom-gallery-title\">IMG_20250429_120549<\/span><\/a><\/div><div class=\"su-custom-gallery-slide\" style=\"width:350px;height:300px\"><a href=\"https:\/\/szkolazabrowo.pl\/wp-content\/uploads\/2025\/05\/IMG_20250429_120601.jpg\" title=\"IMG_20250429_120601\"><img loading=\"lazy\" decoding=\"async\" src=\"https:\/\/szkolazabrowo.pl\/wp-content\/uploads\/2025\/05\/IMG_20250429_120601-350x300.jpg\" alt=\"IMG_20250429_120601\" width=\"350\" height=\"300\" \/><span class=\"su-custom-gallery-title\">IMG_20250429_120601<\/span><\/a><\/div><div class=\"su-custom-gallery-slide\" style=\"width:350px;height:300px\"><a href=\"https:\/\/szkolazabrowo.pl\/wp-content\/uploads\/2025\/05\/IMG_20250429_120820.jpg\" title=\"IMG_20250429_120820\"><img loading=\"lazy\" decoding=\"async\" src=\"https:\/\/szkolazabrowo.pl\/wp-content\/uploads\/2025\/05\/IMG_20250429_120820-350x300.jpg\" alt=\"IMG_20250429_120820\" width=\"350\" height=\"300\" \/><span class=\"su-custom-gallery-title\">IMG_20250429_120820<\/span><\/a><\/div><div class=\"su-custom-gallery-slide\" style=\"width:350px;height:300px\"><a href=\"https:\/\/szkolazabrowo.pl\/wp-content\/uploads\/2025\/05\/Messenger_creation_72A58981-EAD0-4ECC-B8DF-6ACE35A60381.jpeg\" title=\"Messenger_creation_72A58981-EAD0-4ECC-B8DF-6ACE35A60381\"><img loading=\"lazy\" decoding=\"async\" src=\"https:\/\/szkolazabrowo.pl\/wp-content\/uploads\/2025\/05\/Messenger_creation_72A58981-EAD0-4ECC-B8DF-6ACE35A60381-350x300.jpeg\" alt=\"Messenger_creation_72A58981-EAD0-4ECC-B8DF-6ACE35A60381\" width=\"350\" height=\"300\" \/><span class=\"su-custom-gallery-title\">Messenger_creation_72A58981-EAD0-4ECC-B8DF-6ACE35A60381<\/span><\/a><\/div><div class=\"su-custom-gallery-slide\" style=\"width:350px;height:300px\"><a href=\"https:\/\/szkolazabrowo.pl\/wp-content\/uploads\/2025\/05\/Messenger_creation_46F4991C-1A21-4A06-AB06-7C9F2ED2C619.jpeg\" title=\"Messenger_creation_46F4991C-1A21-4A06-AB06-7C9F2ED2C619\"><img loading=\"lazy\" decoding=\"async\" src=\"https:\/\/szkolazabrowo.pl\/wp-content\/uploads\/2025\/05\/Messenger_creation_46F4991C-1A21-4A06-AB06-7C9F2ED2C619-350x300.jpeg\" alt=\"Messenger_creation_46F4991C-1A21-4A06-AB06-7C9F2ED2C619\" width=\"350\" height=\"300\" \/><span class=\"su-custom-gallery-title\">Messenger_creation_46F4991C-1A21-4A06-AB06-7C9F2ED2C619<\/span><\/a><\/div><div class=\"su-custom-gallery-slide\" style=\"width:350px;height:300px\"><a href=\"https:\/\/szkolazabrowo.pl\/wp-content\/uploads\/2025\/05\/Messenger_creation_2CCF4B8D-98BC-417F-95DC-46952F796074.jpeg\" title=\"Messenger_creation_2CCF4B8D-98BC-417F-95DC-46952F796074\"><img loading=\"lazy\" decoding=\"async\" src=\"https:\/\/szkolazabrowo.pl\/wp-content\/uploads\/2025\/05\/Messenger_creation_2CCF4B8D-98BC-417F-95DC-46952F796074-350x300.jpeg\" alt=\"Messenger_creation_2CCF4B8D-98BC-417F-95DC-46952F796074\" width=\"350\" height=\"300\" \/><span class=\"su-custom-gallery-title\">Messenger_creation_2CCF4B8D-98BC-417F-95DC-46952F796074<\/span><\/a><\/div><div class=\"su-custom-gallery-slide\" style=\"width:350px;height:300px\"><a href=\"https:\/\/szkolazabrowo.pl\/wp-content\/uploads\/2025\/05\/IMG_20250429_121237.jpg\" title=\"IMG_20250429_121237\"><img loading=\"lazy\" decoding=\"async\" src=\"https:\/\/szkolazabrowo.pl\/wp-content\/uploads\/2025\/05\/IMG_20250429_121237-350x300.jpg\" alt=\"IMG_20250429_121237\" width=\"350\" height=\"300\" \/><span class=\"su-custom-gallery-title\">IMG_20250429_121237<\/span><\/a><\/div><div class=\"su-custom-gallery-slide\" style=\"width:350px;height:300px\"><a href=\"https:\/\/szkolazabrowo.pl\/wp-content\/uploads\/2025\/05\/IMG_20250429_121017.jpg\" title=\"IMG_20250429_121017\"><img loading=\"lazy\" decoding=\"async\" src=\"https:\/\/szkolazabrowo.pl\/wp-content\/uploads\/2025\/05\/IMG_20250429_121017-350x300.jpg\" alt=\"IMG_20250429_121017\" width=\"350\" height=\"300\" \/><span class=\"su-custom-gallery-title\">IMG_20250429_121017<\/span><\/a><\/div><div class=\"su-custom-gallery-slide\" style=\"width:350px;height:300px\"><a href=\"https:\/\/szkolazabrowo.pl\/wp-content\/uploads\/2025\/05\/IMG_20250429_121014.jpg\" title=\"IMG_20250429_121014\"><img loading=\"lazy\" decoding=\"async\" src=\"https:\/\/szkolazabrowo.pl\/wp-content\/uploads\/2025\/05\/IMG_20250429_121014-350x300.jpg\" alt=\"IMG_20250429_121014\" width=\"350\" height=\"300\" \/><span class=\"su-custom-gallery-title\">IMG_20250429_121014<\/span><\/a><\/div><div class=\"su-custom-gallery-slide\" style=\"width:350px;height:300px\"><a href=\"https:\/\/szkolazabrowo.pl\/wp-content\/uploads\/2025\/05\/IMG_20250429_120955.jpg\" title=\"IMG_20250429_120955\"><img loading=\"lazy\" decoding=\"async\" src=\"https:\/\/szkolazabrowo.pl\/wp-content\/uploads\/2025\/05\/IMG_20250429_120955-350x300.jpg\" alt=\"IMG_20250429_120955\" width=\"350\" height=\"300\" \/><span class=\"su-custom-gallery-title\">IMG_20250429_120955<\/span><\/a><\/div><div class=\"su-custom-gallery-slide\" style=\"width:350px;height:300px\"><a href=\"https:\/\/szkolazabrowo.pl\/wp-content\/uploads\/2025\/05\/IMG_20250429_120933.jpg\" title=\"IMG_20250429_120933\"><img loading=\"lazy\" decoding=\"async\" src=\"https:\/\/szkolazabrowo.pl\/wp-content\/uploads\/2025\/05\/IMG_20250429_120933-350x300.jpg\" alt=\"IMG_20250429_120933\" width=\"350\" height=\"300\" \/><span class=\"su-custom-gallery-title\">IMG_20250429_120933<\/span><\/a><\/div><div class=\"su-custom-gallery-slide\" style=\"width:350px;height:300px\"><a href=\"https:\/\/szkolazabrowo.pl\/wp-content\/uploads\/2025\/05\/IMG_20250429_120930.jpg\" title=\"IMG_20250429_120930\"><img loading=\"lazy\" decoding=\"async\" src=\"https:\/\/szkolazabrowo.pl\/wp-content\/uploads\/2025\/05\/IMG_20250429_120930-350x300.jpg\" alt=\"IMG_20250429_120930\" width=\"350\" height=\"300\" \/><span class=\"su-custom-gallery-title\">IMG_20250429_120930<\/span><\/a><\/div><div class=\"su-custom-gallery-slide\" style=\"width:350px;height:300px\"><a href=\"https:\/\/szkolazabrowo.pl\/wp-content\/uploads\/2025\/05\/IMG_20250429_120838.jpg\" title=\"IMG_20250429_120838\"><img loading=\"lazy\" decoding=\"async\" src=\"https:\/\/szkolazabrowo.pl\/wp-content\/uploads\/2025\/05\/IMG_20250429_120838-350x300.jpg\" alt=\"IMG_20250429_120838\" width=\"350\" height=\"300\" \/><span class=\"su-custom-gallery-title\">IMG_20250429_120838<\/span><\/a><\/div><div class=\"su-custom-gallery-slide\" style=\"width:350px;height:300px\"><a href=\"https:\/\/szkolazabrowo.pl\/wp-content\/uploads\/2025\/05\/Messenger_creation_457AAF9A-1635-4AFA-8965-8290E5DBAA91.jpeg\" title=\"Messenger_creation_457AAF9A-1635-4AFA-8965-8290E5DBAA91\"><img loading=\"lazy\" decoding=\"async\" src=\"https:\/\/szkolazabrowo.pl\/wp-content\/uploads\/2025\/05\/Messenger_creation_457AAF9A-1635-4AFA-8965-8290E5DBAA91-350x300.jpeg\" alt=\"Messenger_creation_457AAF9A-1635-4AFA-8965-8290E5DBAA91\" width=\"350\" height=\"300\" \/><span class=\"su-custom-gallery-title\">Messenger_creation_457AAF9A-1635-4AFA-8965-8290E5DBAA91<\/span><\/a><\/div><div class=\"su-custom-gallery-slide\" style=\"width:350px;height:300px\"><a href=\"https:\/\/szkolazabrowo.pl\/wp-content\/uploads\/2025\/05\/Messenger_creation_BD0FB706-3518-4339-A8DC-A894CB6E7E9E.jpeg\" title=\"Messenger_creation_BD0FB706-3518-4339-A8DC-A894CB6E7E9E\"><img loading=\"lazy\" decoding=\"async\" src=\"https:\/\/szkolazabrowo.pl\/wp-content\/uploads\/2025\/05\/Messenger_creation_BD0FB706-3518-4339-A8DC-A894CB6E7E9E-350x300.jpeg\" alt=\"Messenger_creation_BD0FB706-3518-4339-A8DC-A894CB6E7E9E\" width=\"350\" height=\"300\" \/><span class=\"su-custom-gallery-title\">Messenger_creation_BD0FB706-3518-4339-A8DC-A894CB6E7E9E<\/span><\/a><\/div><div class=\"su-custom-gallery-slide\" style=\"width:350px;height:300px\"><a href=\"https:\/\/szkolazabrowo.pl\/wp-content\/uploads\/2025\/05\/Messenger_creation_D38F8319-2900-4396-A418-04A631AA983B.jpeg\" title=\"Messenger_creation_D38F8319-2900-4396-A418-04A631AA983B\"><img loading=\"lazy\" decoding=\"async\" src=\"https:\/\/szkolazabrowo.pl\/wp-content\/uploads\/2025\/05\/Messenger_creation_D38F8319-2900-4396-A418-04A631AA983B-350x300.jpeg\" alt=\"Messenger_creation_D38F8319-2900-4396-A418-04A631AA983B\" width=\"350\" height=\"300\" \/><span class=\"su-custom-gallery-title\">Messenger_creation_D38F8319-2900-4396-A418-04A631AA983B<\/span><\/a><\/div><div class=\"su-custom-gallery-slide\" style=\"width:350px;height:300px\"><a href=\"https:\/\/szkolazabrowo.pl\/wp-content\/uploads\/2025\/05\/Messenger_creation_D79DE8A9-BF51-4B56-9C26-1AB5E1A04B2C.jpeg\" title=\"Messenger_creation_D79DE8A9-BF51-4B56-9C26-1AB5E1A04B2C\"><img loading=\"lazy\" decoding=\"async\" src=\"https:\/\/szkolazabrowo.pl\/wp-content\/uploads\/2025\/05\/Messenger_creation_D79DE8A9-BF51-4B56-9C26-1AB5E1A04B2C-350x300.jpeg\" alt=\"Messenger_creation_D79DE8A9-BF51-4B56-9C26-1AB5E1A04B2C\" width=\"350\" height=\"300\" \/><span class=\"su-custom-gallery-title\">Messenger_creation_D79DE8A9-BF51-4B56-9C26-1AB5E1A04B2C<\/span><\/a><\/div><div class=\"su-custom-gallery-slide\" style=\"width:350px;height:300px\"><a href=\"https:\/\/szkolazabrowo.pl\/wp-content\/uploads\/2025\/05\/Messenger_creation_E51479B0-940D-4D04-829F-93A0A55E0E23.jpeg\" title=\"Messenger_creation_E51479B0-940D-4D04-829F-93A0A55E0E23\"><img loading=\"lazy\" decoding=\"async\" src=\"https:\/\/szkolazabrowo.pl\/wp-content\/uploads\/2025\/05\/Messenger_creation_E51479B0-940D-4D04-829F-93A0A55E0E23-350x300.jpeg\" alt=\"Messenger_creation_E51479B0-940D-4D04-829F-93A0A55E0E23\" width=\"350\" height=\"300\" \/><span class=\"su-custom-gallery-title\">Messenger_creation_E51479B0-940D-4D04-829F-93A0A55E0E23<\/span><\/a><\/div><div class=\"su-custom-gallery-slide\" style=\"width:350px;height:300px\"><a href=\"https:\/\/szkolazabrowo.pl\/wp-content\/uploads\/2025\/05\/Messenger_creation_FF0547CE-31FC-4794-BEE8-F127859CED58.jpeg\" title=\"Messenger_creation_FF0547CE-31FC-4794-BEE8-F127859CED58\"><img loading=\"lazy\" decoding=\"async\" src=\"https:\/\/szkolazabrowo.pl\/wp-content\/uploads\/2025\/05\/Messenger_creation_FF0547CE-31FC-4794-BEE8-F127859CED58-350x300.jpeg\" alt=\"Messenger_creation_FF0547CE-31FC-4794-BEE8-F127859CED58\" width=\"350\" height=\"300\" \/><span class=\"su-custom-gallery-title\">Messenger_creation_FF0547CE-31FC-4794-BEE8-F127859CED58<\/span><\/a><\/div><div class=\"su-custom-gallery-slide\" style=\"width:350px;height:300px\"><a href=\"https:\/\/szkolazabrowo.pl\/wp-content\/uploads\/2025\/05\/1000008674.jpg\" title=\"1000008674\"><img loading=\"lazy\" decoding=\"async\" src=\"https:\/\/szkolazabrowo.pl\/wp-content\/uploads\/2025\/05\/1000008674-350x300.jpg\" alt=\"1000008674\" width=\"350\" height=\"300\" \/><span class=\"su-custom-gallery-title\">1000008674<\/span><\/a><\/div><div class=\"su-custom-gallery-slide\" style=\"width:350px;height:300px\"><a href=\"https:\/\/szkolazabrowo.pl\/wp-content\/uploads\/2025\/05\/1000008677.jpg\" title=\"1000008677\"><img loading=\"lazy\" decoding=\"async\" src=\"https:\/\/szkolazabrowo.pl\/wp-content\/uploads\/2025\/05\/1000008677-350x300.jpg\" alt=\"1000008677\" width=\"350\" height=\"300\" \/><span class=\"su-custom-gallery-title\">1000008677<\/span><\/a><\/div><div class=\"su-custom-gallery-slide\" style=\"width:350px;height:300px\"><a href=\"https:\/\/szkolazabrowo.pl\/wp-content\/uploads\/2025\/05\/1000008693.jpg\" title=\"1000008693\"><img loading=\"lazy\" decoding=\"async\" src=\"https:\/\/szkolazabrowo.pl\/wp-content\/uploads\/2025\/05\/1000008693-350x300.jpg\" alt=\"1000008693\" width=\"350\" height=\"300\" \/><span class=\"su-custom-gallery-title\">1000008693<\/span><\/a><\/div><div class=\"su-custom-gallery-slide\" style=\"width:350px;height:300px\"><a href=\"https:\/\/szkolazabrowo.pl\/wp-content\/uploads\/2025\/05\/798604149164586459.jpg\" title=\"798604149164586459\"><img loading=\"lazy\" decoding=\"async\" src=\"https:\/\/szkolazabrowo.pl\/wp-content\/uploads\/2025\/05\/798604149164586459-350x300.jpg\" alt=\"798604149164586459\" width=\"350\" height=\"300\" \/><span class=\"su-custom-gallery-title\">798604149164586459<\/span><\/a><\/div><div class=\"su-clear\"><\/div><\/div>\n\n\n<div class=\"su-custom-gallery su-custom-gallery-align-left su-custom-gallery-title-never\"><div class=\"su-custom-gallery-slide\" style=\"width:350px;height:300px\"><a href=\"https:\/\/szkolazabrowo.pl\/wp-content\/uploads\/2025\/05\/6341497273283875054.jpg\" title=\"6341497273283875054\"><img loading=\"lazy\" decoding=\"async\" src=\"https:\/\/szkolazabrowo.pl\/wp-content\/uploads\/2025\/05\/6341497273283875054-350x300.jpg\" alt=\"6341497273283875054\" width=\"350\" height=\"300\" \/><span class=\"su-custom-gallery-title\">6341497273283875054<\/span><\/a><\/div><div class=\"su-custom-gallery-slide\" style=\"width:350px;height:300px\"><a href=\"https:\/\/szkolazabrowo.pl\/wp-content\/uploads\/2025\/05\/3784096499304219831.jpg\" title=\"3784096499304219831\"><img loading=\"lazy\" decoding=\"async\" src=\"https:\/\/szkolazabrowo.pl\/wp-content\/uploads\/2025\/05\/3784096499304219831-350x300.jpg\" alt=\"3784096499304219831\" width=\"350\" height=\"300\" \/><span class=\"su-custom-gallery-title\">3784096499304219831<\/span><\/a><\/div><div class=\"su-custom-gallery-slide\" style=\"width:350px;height:300px\"><a href=\"https:\/\/szkolazabrowo.pl\/wp-content\/uploads\/2025\/05\/6527520884572300355.jpg\" title=\"-6527520884572300355\"><img loading=\"lazy\" decoding=\"async\" src=\"https:\/\/szkolazabrowo.pl\/wp-content\/uploads\/2025\/05\/6527520884572300355-350x300.jpg\" alt=\"-6527520884572300355\" width=\"350\" height=\"300\" \/><span class=\"su-custom-gallery-title\">-6527520884572300355<\/span><\/a><\/div><div class=\"su-clear\"><\/div><\/div>\n","protected":false},"excerpt":{"rendered":"<p>Uczniowie naszej szko\u0142y w ostatnich dniach kwietnia, z zaanga\u017cowaniem wzi\u0119li udzia\u0142 w ekologicznej akcji &#8222;Czyste Jeziora i Rzeki&#8221;, kt\u00f3rej celem jest uprz\u0105tni\u0119cie przestrzeni publicznej. W ramach dzia\u0142a\u0144 porz\u0105dkowych uczniowie klas I\u2013VI sprz\u0105tali teren wok\u00f3\u0142 szko\u0142y, place zabaw, \u015bcie\u017ck\u0119 rowerow\u0105 w <a href=\"https:\/\/szkolazabrowo.pl\/?page_id=14373\" class=\"read-more\">Czytaj wi\u0119cej &#8230;<\/a><\/p>\n","protected":false},"author":1,"featured_media":0,"parent":0,"menu_order":0,"comment_status":"closed","ping_status":"closed","template":"","meta":{"footnotes":""},"class_list":["post-14373","page","type-page","status-publish","hentry"],"_links":{"self":[{"href":"https:\/\/szkolazabrowo.pl\/index.php?rest_route=\/wp\/v2\/pages\/14373","targetHints":{"allow":["GET"]}}],"collection":[{"href":"https:\/\/szkolazabrowo.pl\/index.php?rest_route=\/wp\/v2\/pages"}],"about":[{"href":"https:\/\/szkolazabrowo.pl\/index.php?rest_route=\/wp\/v2\/types\/page"}],"author":[{"embeddable":true,"href":"https:\/\/szkolazabrowo.pl\/index.php?rest_route=\/wp\/v2\/users\/1"}],"replies":[{"embeddable":true,"href":"https:\/\/szkolazabrowo.pl\/index.php?rest_route=%2Fwp%2Fv2%2Fcomments&post=14373"}],"version-history":[{"count":3,"href":"https:\/\/szkolazabrowo.pl\/index.php?rest_route=\/wp\/v2\/pages\/14373\/revisions"}],"predecessor-version":[{"id":14407,"href":"https:\/\/szkolazabrowo.pl\/index.php?rest_route=\/wp\/v2\/pages\/14373\/revisions\/14407"}],"wp:attachment":[{"href":"https:\/\/szkolazabrowo.pl\/index.php?rest_route=%2Fwp%2Fv2%2Fmedia&parent=14373"}],"curies":[{"name":"wp","href":"https:\/\/api.w.org\/{rel}","templated":true}]}}