{"id":14217,"date":"2025-03-31T05:53:50","date_gmt":"2025-03-31T05:53:50","guid":{"rendered":"http:\/\/szkolazabrowo.pl\/?page_id=14217"},"modified":"2025-03-31T05:53:51","modified_gmt":"2025-03-31T05:53:51","slug":"miedzyszkolny-turniej-pilki-noznej-o-puchar-patrona-szkoly-im-gen-jozefa-bema-w-suszu","status":"publish","type":"page","link":"https:\/\/szkolazabrowo.pl\/?page_id=14217","title":{"rendered":"Mi\u0119dzyszkolny Turniej Pi\u0142ki No\u017cnej o Puchar patrona szko\u0142y im. gen. J\u00f3zefa Bema w Suszu"},"content":{"rendered":"\n<p>Tydzie\u0144 ko\u0144czymy sukcesem naszych uczni\u00f3w kt\u00f3rzy 27 marca wzi\u0119li udzia\u0142 w Turnieju Pi\u0142ki No\u017cnej klas 8-mych w Suszu. Po zaci\u0119tej walce w rzutach karnych ulegli dru\u017cynie z Susza zajmuj\u0105c II miejsce. Najlepszym zawodnikiem turnieju zosta\u0142 Miko\u0142aj Karski.<\/p>\n\n\n\n<p>Dru\u017cyna wyst\u0105pi\u0142a w sk\u0142adzie:<\/p>\n\n\n\n<p>Dominik Ostrowski, Miko\u0142aj Karski, Igor Soliwoda, Igor Da\u0144czyszyn, Marcel Nowakowski, Karol Po\u0142e\u0107, Micha\u0142 Ka\u015blewicz, Kacper \u0141apacz, Kacper Kaczmarczyk, Alex Madej&nbsp;<\/p>\n\n\n<div class=\"su-custom-gallery su-custom-gallery-align-left su-custom-gallery-title-never\"><div class=\"su-custom-gallery-slide\" style=\"width:350px;height:300px\"><a href=\"https:\/\/szkolazabrowo.pl\/wp-content\/uploads\/2025\/03\/IMG_20250327_081328.jpg\" title=\"IMG_20250327_081328\"><img loading=\"lazy\" decoding=\"async\" src=\"https:\/\/szkolazabrowo.pl\/wp-content\/uploads\/2025\/03\/IMG_20250327_081328-350x300.jpg\" alt=\"IMG_20250327_081328\" width=\"350\" height=\"300\" \/><span class=\"su-custom-gallery-title\">IMG_20250327_081328<\/span><\/a><\/div><div class=\"su-custom-gallery-slide\" style=\"width:350px;height:300px\"><a href=\"https:\/\/szkolazabrowo.pl\/wp-content\/uploads\/2025\/03\/IMG_20250327_115310.jpg\" title=\"IMG_20250327_115310\"><img loading=\"lazy\" decoding=\"async\" src=\"https:\/\/szkolazabrowo.pl\/wp-content\/uploads\/2025\/03\/IMG_20250327_115310-350x300.jpg\" alt=\"IMG_20250327_115310\" width=\"350\" height=\"300\" \/><span class=\"su-custom-gallery-title\">IMG_20250327_115310<\/span><\/a><\/div><div class=\"su-custom-gallery-slide\" style=\"width:350px;height:300px\"><a href=\"https:\/\/szkolazabrowo.pl\/wp-content\/uploads\/2025\/03\/IMG_20250327_123218.jpg\" title=\"IMG_20250327_123218\"><img loading=\"lazy\" decoding=\"async\" src=\"https:\/\/szkolazabrowo.pl\/wp-content\/uploads\/2025\/03\/IMG_20250327_123218-350x300.jpg\" alt=\"IMG_20250327_123218\" width=\"350\" height=\"300\" \/><span class=\"su-custom-gallery-title\">IMG_20250327_123218<\/span><\/a><\/div><div class=\"su-custom-gallery-slide\" style=\"width:350px;height:300px\"><a href=\"https:\/\/szkolazabrowo.pl\/wp-content\/uploads\/2025\/03\/IMG_20250327_124925.jpg\" title=\"IMG_20250327_124925\"><img loading=\"lazy\" decoding=\"async\" src=\"https:\/\/szkolazabrowo.pl\/wp-content\/uploads\/2025\/03\/IMG_20250327_124925-350x300.jpg\" alt=\"IMG_20250327_124925\" width=\"350\" height=\"300\" \/><span class=\"su-custom-gallery-title\">IMG_20250327_124925<\/span><\/a><\/div><div class=\"su-custom-gallery-slide\" style=\"width:350px;height:300px\"><a href=\"https:\/\/szkolazabrowo.pl\/wp-content\/uploads\/2025\/03\/IMG_20250327_125449.jpg\" title=\"IMG_20250327_125449\"><img loading=\"lazy\" decoding=\"async\" src=\"https:\/\/szkolazabrowo.pl\/wp-content\/uploads\/2025\/03\/IMG_20250327_125449-350x300.jpg\" alt=\"IMG_20250327_125449\" width=\"350\" height=\"300\" \/><span class=\"su-custom-gallery-title\">IMG_20250327_125449<\/span><\/a><\/div><div class=\"su-custom-gallery-slide\" style=\"width:350px;height:300px\"><a href=\"https:\/\/szkolazabrowo.pl\/wp-content\/uploads\/2025\/03\/IMG_20250327_125522.jpg\" title=\"IMG_20250327_125522\"><img loading=\"lazy\" decoding=\"async\" src=\"https:\/\/szkolazabrowo.pl\/wp-content\/uploads\/2025\/03\/IMG_20250327_125522-350x300.jpg\" alt=\"IMG_20250327_125522\" width=\"350\" height=\"300\" \/><span class=\"su-custom-gallery-title\">IMG_20250327_125522<\/span><\/a><\/div><div class=\"su-custom-gallery-slide\" style=\"width:350px;height:300px\"><a href=\"https:\/\/szkolazabrowo.pl\/wp-content\/uploads\/2025\/03\/IMG_20250327_125747.jpg\" title=\"IMG_20250327_125747\"><img loading=\"lazy\" decoding=\"async\" src=\"https:\/\/szkolazabrowo.pl\/wp-content\/uploads\/2025\/03\/IMG_20250327_125747-350x300.jpg\" alt=\"IMG_20250327_125747\" width=\"350\" height=\"300\" \/><span class=\"su-custom-gallery-title\">IMG_20250327_125747<\/span><\/a><\/div><div class=\"su-clear\"><\/div><\/div>\n","protected":false},"excerpt":{"rendered":"<p>Tydzie\u0144 ko\u0144czymy sukcesem naszych uczni\u00f3w kt\u00f3rzy 27 marca wzi\u0119li udzia\u0142 w Turnieju Pi\u0142ki No\u017cnej klas 8-mych w Suszu. Po zaci\u0119tej walce w rzutach karnych ulegli dru\u017cynie z Susza zajmuj\u0105c II miejsce. Najlepszym zawodnikiem turnieju zosta\u0142 Miko\u0142aj Karski. Dru\u017cyna wyst\u0105pi\u0142a w <a href=\"https:\/\/szkolazabrowo.pl\/?page_id=14217\" class=\"read-more\">Czytaj wi\u0119cej &#8230;<\/a><\/p>\n","protected":false},"author":1,"featured_media":0,"parent":0,"menu_order":0,"comment_status":"closed","ping_status":"closed","template":"","meta":{"footnotes":""},"class_list":["post-14217","page","type-page","status-publish","hentry"],"_links":{"self":[{"href":"https:\/\/szkolazabrowo.pl\/index.php?rest_route=\/wp\/v2\/pages\/14217","targetHints":{"allow":["GET"]}}],"collection":[{"href":"https:\/\/szkolazabrowo.pl\/index.php?rest_route=\/wp\/v2\/pages"}],"about":[{"href":"https:\/\/szkolazabrowo.pl\/index.php?rest_route=\/wp\/v2\/types\/page"}],"author":[{"embeddable":true,"href":"https:\/\/szkolazabrowo.pl\/index.php?rest_route=\/wp\/v2\/users\/1"}],"replies":[{"embeddable":true,"href":"https:\/\/szkolazabrowo.pl\/index.php?rest_route=%2Fwp%2Fv2%2Fcomments&post=14217"}],"version-history":[{"count":1,"href":"https:\/\/szkolazabrowo.pl\/index.php?rest_route=\/wp\/v2\/pages\/14217\/revisions"}],"predecessor-version":[{"id":14226,"href":"https:\/\/szkolazabrowo.pl\/index.php?rest_route=\/wp\/v2\/pages\/14217\/revisions\/14226"}],"wp:attachment":[{"href":"https:\/\/szkolazabrowo.pl\/index.php?rest_route=%2Fwp%2Fv2%2Fmedia&parent=14217"}],"curies":[{"name":"wp","href":"https:\/\/api.w.org\/{rel}","templated":true}]}}