{"id":13739,"date":"2025-01-24T11:28:07","date_gmt":"2025-01-24T11:28:07","guid":{"rendered":"http:\/\/szkolazabrowo.pl\/?page_id=13739"},"modified":"2025-01-24T11:28:07","modified_gmt":"2025-01-24T11:28:07","slug":"swieto-niepodleglosci-2","status":"publish","type":"page","link":"https:\/\/szkolazabrowo.pl\/?page_id=13739","title":{"rendered":"\u015awi\u0119to Niepodleg\u0142o\u015bci"},"content":{"rendered":"<div class=\"su-custom-gallery su-custom-gallery-align-left su-custom-gallery-title-never\"><div class=\"su-custom-gallery-slide\" style=\"width:350px;height:300px\"><a href=\"https:\/\/szkolazabrowo.pl\/wp-content\/uploads\/2025\/01\/20241112_093922.jpg\" title=\"20241112_093922\"><img loading=\"lazy\" decoding=\"async\" src=\"https:\/\/szkolazabrowo.pl\/wp-content\/uploads\/2025\/01\/20241112_093922-350x300.jpg\" alt=\"20241112_093922\" width=\"350\" height=\"300\" \/><span class=\"su-custom-gallery-title\">20241112_093922<\/span><\/a><\/div><div class=\"su-custom-gallery-slide\" style=\"width:350px;height:300px\"><a href=\"https:\/\/szkolazabrowo.pl\/wp-content\/uploads\/2025\/01\/20241112_093954.jpg\" title=\"20241112_093954\"><img loading=\"lazy\" decoding=\"async\" src=\"https:\/\/szkolazabrowo.pl\/wp-content\/uploads\/2025\/01\/20241112_093954-350x300.jpg\" alt=\"20241112_093954\" width=\"350\" height=\"300\" \/><span class=\"su-custom-gallery-title\">20241112_093954<\/span><\/a><\/div><div class=\"su-custom-gallery-slide\" style=\"width:350px;height:300px\"><a href=\"https:\/\/szkolazabrowo.pl\/wp-content\/uploads\/2025\/01\/20241113_082702.jpg\" title=\"20241113_082702\"><img loading=\"lazy\" decoding=\"async\" src=\"https:\/\/szkolazabrowo.pl\/wp-content\/uploads\/2025\/01\/20241113_082702-350x300.jpg\" alt=\"20241113_082702\" width=\"350\" height=\"300\" \/><span class=\"su-custom-gallery-title\">20241113_082702<\/span><\/a><\/div><div class=\"su-custom-gallery-slide\" style=\"width:350px;height:300px\"><a href=\"https:\/\/szkolazabrowo.pl\/wp-content\/uploads\/2025\/01\/20241113_083433.jpg\" title=\"20241113_083433\"><img loading=\"lazy\" decoding=\"async\" src=\"https:\/\/szkolazabrowo.pl\/wp-content\/uploads\/2025\/01\/20241113_083433-350x300.jpg\" alt=\"20241113_083433\" width=\"350\" height=\"300\" \/><span class=\"su-custom-gallery-title\">20241113_083433<\/span><\/a><\/div><div class=\"su-custom-gallery-slide\" style=\"width:350px;height:300px\"><a href=\"https:\/\/szkolazabrowo.pl\/wp-content\/uploads\/2025\/01\/20241114_132216.jpg\" title=\"20241114_132216\"><img loading=\"lazy\" decoding=\"async\" src=\"https:\/\/szkolazabrowo.pl\/wp-content\/uploads\/2025\/01\/20241114_132216-350x300.jpg\" alt=\"20241114_132216\" width=\"350\" height=\"300\" \/><span class=\"su-custom-gallery-title\">20241114_132216<\/span><\/a><\/div><div class=\"su-custom-gallery-slide\" style=\"width:350px;height:300px\"><a href=\"https:\/\/szkolazabrowo.pl\/wp-content\/uploads\/2025\/01\/20241114_132229.jpg\" title=\"20241114_132229\"><img loading=\"lazy\" decoding=\"async\" src=\"https:\/\/szkolazabrowo.pl\/wp-content\/uploads\/2025\/01\/20241114_132229-350x300.jpg\" alt=\"20241114_132229\" width=\"350\" height=\"300\" \/><span class=\"su-custom-gallery-title\">20241114_132229<\/span><\/a><\/div><div class=\"su-clear\"><\/div><\/div>\n","protected":false},"excerpt":{"rendered":"","protected":false},"author":1,"featured_media":0,"parent":0,"menu_order":0,"comment_status":"closed","ping_status":"closed","template":"","meta":{"footnotes":""},"class_list":["post-13739","page","type-page","status-publish","hentry"],"_links":{"self":[{"href":"https:\/\/szkolazabrowo.pl\/index.php?rest_route=\/wp\/v2\/pages\/13739","targetHints":{"allow":["GET"]}}],"collection":[{"href":"https:\/\/szkolazabrowo.pl\/index.php?rest_route=\/wp\/v2\/pages"}],"about":[{"href":"https:\/\/szkolazabrowo.pl\/index.php?rest_route=\/wp\/v2\/types\/page"}],"author":[{"embeddable":true,"href":"https:\/\/szkolazabrowo.pl\/index.php?rest_route=\/wp\/v2\/users\/1"}],"replies":[{"embeddable":true,"href":"https:\/\/szkolazabrowo.pl\/index.php?rest_route=%2Fwp%2Fv2%2Fcomments&post=13739"}],"version-history":[{"count":1,"href":"https:\/\/szkolazabrowo.pl\/index.php?rest_route=\/wp\/v2\/pages\/13739\/revisions"}],"predecessor-version":[{"id":13747,"href":"https:\/\/szkolazabrowo.pl\/index.php?rest_route=\/wp\/v2\/pages\/13739\/revisions\/13747"}],"wp:attachment":[{"href":"https:\/\/szkolazabrowo.pl\/index.php?rest_route=%2Fwp%2Fv2%2Fmedia&parent=13739"}],"curies":[{"name":"wp","href":"https:\/\/api.w.org\/{rel}","templated":true}]}}