{"id":13592,"date":"2024-12-21T08:31:37","date_gmt":"2024-12-21T08:31:37","guid":{"rendered":"http:\/\/szkolazabrowo.pl\/?page_id=13592"},"modified":"2024-12-21T08:51:52","modified_gmt":"2024-12-21T08:51:52","slug":"szkolne-spotkania-swiateczne","status":"publish","type":"page","link":"https:\/\/szkolazabrowo.pl\/?page_id=13592","title":{"rendered":"Szkolne spotkania \u015bwi\u0105teczne"},"content":{"rendered":"\n<p>W dniach przed\u015bwi\u0105tecznych w naszej szkole odby\u0142y si\u0119 spotkania \u015bwi\u0105teczne, w kt\u00f3rych wzi\u0119li udzia\u0142 uczniowie klas I-VIII. Atmosfera by\u0142a pe\u0142na rado\u015bci i magii \u015bwi\u0105t, a wsp\u00f3lne wydarzenia dostarczy\u0142y wszystkim wielu niezapomnianych wra\u017ce\u0144.<\/p>\n\n\n\n<p>Jednym z najwa\u017cniejszych punkt\u00f3w programu by\u0142o wsp\u00f3lne \u015bpiewanie kol\u0119d. Ca\u0142a spo\u0142eczno\u015b\u0107 szkolna z ochot\u0105 w\u0142\u0105czy\u0142a si\u0119 w ten tradycyjny element \u015bwi\u0105t, wype\u0142niaj\u0105c szkolne korytarze.<\/p>\n\n\n\n<p>Ku wielkiej rado\u015bci dzieci, szko\u0142\u0119 odwiedzi\u0142 r\u00f3wnie\u017c \u015awi\u0119ty Miko\u0142aj. Z u\u015bmiechem na twarzy rozdawa\u0142 wszystkim paczki, kt\u00f3re by\u0142y pe\u0142ne drobnych upomink\u00f3w i s\u0142odko\u015bci. Spotkanie z Miko\u0142ajem wywo\u0142a\u0142o ogromny entuzjazm w\u015br\u00f3d uczni\u00f3w, zw\u0142aszcza tych najm\u0142odszych.<\/p>\n\n\n\n<p>Ca\u0142e wydarzenie przebieg\u0142o w ciep\u0142ej i radosnej atmosferze, przypominaj\u0105c wszystkim o istocie \u015bwi\u0105tecznego czasu \u2013 wsp\u00f3lnocie, tradycji i dzieleniu si\u0119 rado\u015bci\u0105.<\/p>\n\n\n<div class=\"su-custom-gallery su-custom-gallery-align-left su-custom-gallery-title-never\"><div class=\"su-custom-gallery-slide\" style=\"width:350px;height:300px\"><a href=\"https:\/\/szkolazabrowo.pl\/wp-content\/uploads\/2024\/12\/DSC_0465.jpg\" title=\"DSC_0465\"><img loading=\"lazy\" decoding=\"async\" src=\"https:\/\/szkolazabrowo.pl\/wp-content\/uploads\/2024\/12\/DSC_0465-350x300.jpg\" alt=\"DSC_0465\" width=\"350\" height=\"300\" \/><span class=\"su-custom-gallery-title\">DSC_0465<\/span><\/a><\/div><div class=\"su-custom-gallery-slide\" style=\"width:350px;height:300px\"><a href=\"https:\/\/szkolazabrowo.pl\/wp-content\/uploads\/2024\/12\/DSC_0470.jpg\" title=\"DSC_0470\"><img loading=\"lazy\" decoding=\"async\" src=\"https:\/\/szkolazabrowo.pl\/wp-content\/uploads\/2024\/12\/DSC_0470-350x300.jpg\" alt=\"DSC_0470\" width=\"350\" height=\"300\" \/><span class=\"su-custom-gallery-title\">DSC_0470<\/span><\/a><\/div><div class=\"su-custom-gallery-slide\" style=\"width:350px;height:300px\"><a href=\"https:\/\/szkolazabrowo.pl\/wp-content\/uploads\/2024\/12\/DSC_0469.jpg\" title=\"DSC_0469\"><img loading=\"lazy\" decoding=\"async\" src=\"https:\/\/szkolazabrowo.pl\/wp-content\/uploads\/2024\/12\/DSC_0469-350x300.jpg\" alt=\"DSC_0469\" width=\"350\" height=\"300\" \/><span class=\"su-custom-gallery-title\">DSC_0469<\/span><\/a><\/div><div class=\"su-custom-gallery-slide\" style=\"width:350px;height:300px\"><a href=\"https:\/\/szkolazabrowo.pl\/wp-content\/uploads\/2024\/12\/DSC_0464.jpg\" title=\"DSC_0464\"><img loading=\"lazy\" decoding=\"async\" src=\"https:\/\/szkolazabrowo.pl\/wp-content\/uploads\/2024\/12\/DSC_0464-350x300.jpg\" alt=\"DSC_0464\" width=\"350\" height=\"300\" \/><span class=\"su-custom-gallery-title\">DSC_0464<\/span><\/a><\/div><div class=\"su-custom-gallery-slide\" style=\"width:350px;height:300px\"><a href=\"https:\/\/szkolazabrowo.pl\/wp-content\/uploads\/2024\/12\/DSC_0462.jpg\" title=\"DSC_0462\"><img loading=\"lazy\" decoding=\"async\" src=\"https:\/\/szkolazabrowo.pl\/wp-content\/uploads\/2024\/12\/DSC_0462-350x300.jpg\" alt=\"DSC_0462\" width=\"350\" height=\"300\" \/><span class=\"su-custom-gallery-title\">DSC_0462<\/span><\/a><\/div><div class=\"su-custom-gallery-slide\" style=\"width:350px;height:300px\"><a href=\"https:\/\/szkolazabrowo.pl\/wp-content\/uploads\/2024\/12\/DSC_0461.jpg\" title=\"DSC_0461\"><img loading=\"lazy\" decoding=\"async\" src=\"https:\/\/szkolazabrowo.pl\/wp-content\/uploads\/2024\/12\/DSC_0461-350x300.jpg\" alt=\"DSC_0461\" width=\"350\" height=\"300\" \/><span class=\"su-custom-gallery-title\">DSC_0461<\/span><\/a><\/div><div class=\"su-custom-gallery-slide\" style=\"width:350px;height:300px\"><a href=\"https:\/\/szkolazabrowo.pl\/wp-content\/uploads\/2024\/12\/DSC_0460.jpg\" title=\"DSC_0460\"><img loading=\"lazy\" decoding=\"async\" src=\"https:\/\/szkolazabrowo.pl\/wp-content\/uploads\/2024\/12\/DSC_0460-350x300.jpg\" alt=\"DSC_0460\" width=\"350\" height=\"300\" \/><span class=\"su-custom-gallery-title\">DSC_0460<\/span><\/a><\/div><div class=\"su-custom-gallery-slide\" style=\"width:350px;height:300px\"><a href=\"https:\/\/szkolazabrowo.pl\/wp-content\/uploads\/2024\/12\/DSC_0455.jpg\" title=\"DSC_0455\"><img loading=\"lazy\" decoding=\"async\" src=\"https:\/\/szkolazabrowo.pl\/wp-content\/uploads\/2024\/12\/DSC_0455-350x300.jpg\" alt=\"DSC_0455\" width=\"350\" height=\"300\" \/><span class=\"su-custom-gallery-title\">DSC_0455<\/span><\/a><\/div><div class=\"su-custom-gallery-slide\" style=\"width:350px;height:300px\"><a href=\"https:\/\/szkolazabrowo.pl\/wp-content\/uploads\/2024\/12\/DSC_0454.jpg\" title=\"DSC_0454\"><img loading=\"lazy\" decoding=\"async\" src=\"https:\/\/szkolazabrowo.pl\/wp-content\/uploads\/2024\/12\/DSC_0454-350x300.jpg\" alt=\"DSC_0454\" width=\"350\" height=\"300\" \/><span class=\"su-custom-gallery-title\">DSC_0454<\/span><\/a><\/div><div class=\"su-custom-gallery-slide\" style=\"width:350px;height:300px\"><a href=\"https:\/\/szkolazabrowo.pl\/wp-content\/uploads\/2024\/12\/DSC_0453.jpg\" title=\"DSC_0453\"><img loading=\"lazy\" decoding=\"async\" src=\"https:\/\/szkolazabrowo.pl\/wp-content\/uploads\/2024\/12\/DSC_0453-350x300.jpg\" alt=\"DSC_0453\" width=\"350\" height=\"300\" \/><span class=\"su-custom-gallery-title\">DSC_0453<\/span><\/a><\/div><div class=\"su-custom-gallery-slide\" style=\"width:350px;height:300px\"><a href=\"https:\/\/szkolazabrowo.pl\/wp-content\/uploads\/2024\/12\/DSC_0438.jpg\" title=\"DSC_0438\"><img loading=\"lazy\" decoding=\"async\" src=\"https:\/\/szkolazabrowo.pl\/wp-content\/uploads\/2024\/12\/DSC_0438-350x300.jpg\" alt=\"DSC_0438\" width=\"350\" height=\"300\" \/><span class=\"su-custom-gallery-title\">DSC_0438<\/span><\/a><\/div><div class=\"su-custom-gallery-slide\" style=\"width:350px;height:300px\"><a href=\"https:\/\/szkolazabrowo.pl\/wp-content\/uploads\/2024\/12\/DSC_0441.jpg\" title=\"DSC_0441\"><img loading=\"lazy\" decoding=\"async\" src=\"https:\/\/szkolazabrowo.pl\/wp-content\/uploads\/2024\/12\/DSC_0441-350x300.jpg\" alt=\"DSC_0441\" width=\"350\" height=\"300\" \/><span class=\"su-custom-gallery-title\">DSC_0441<\/span><\/a><\/div><div class=\"su-custom-gallery-slide\" style=\"width:350px;height:300px\"><a href=\"https:\/\/szkolazabrowo.pl\/wp-content\/uploads\/2024\/12\/DSC_0443.jpg\" title=\"DSC_0443\"><img loading=\"lazy\" decoding=\"async\" src=\"https:\/\/szkolazabrowo.pl\/wp-content\/uploads\/2024\/12\/DSC_0443-350x300.jpg\" alt=\"DSC_0443\" width=\"350\" height=\"300\" \/><span class=\"su-custom-gallery-title\">DSC_0443<\/span><\/a><\/div><div class=\"su-custom-gallery-slide\" style=\"width:350px;height:300px\"><a href=\"https:\/\/szkolazabrowo.pl\/wp-content\/uploads\/2024\/12\/DSC_0444.jpg\" title=\"DSC_0444\"><img loading=\"lazy\" decoding=\"async\" src=\"https:\/\/szkolazabrowo.pl\/wp-content\/uploads\/2024\/12\/DSC_0444-350x300.jpg\" alt=\"DSC_0444\" width=\"350\" height=\"300\" \/><span class=\"su-custom-gallery-title\">DSC_0444<\/span><\/a><\/div><div class=\"su-custom-gallery-slide\" style=\"width:350px;height:300px\"><a href=\"https:\/\/szkolazabrowo.pl\/wp-content\/uploads\/2024\/12\/DSC_0445.jpg\" title=\"DSC_0445\"><img loading=\"lazy\" decoding=\"async\" src=\"https:\/\/szkolazabrowo.pl\/wp-content\/uploads\/2024\/12\/DSC_0445-350x300.jpg\" alt=\"DSC_0445\" width=\"350\" height=\"300\" \/><span class=\"su-custom-gallery-title\">DSC_0445<\/span><\/a><\/div><div class=\"su-custom-gallery-slide\" style=\"width:350px;height:300px\"><a href=\"https:\/\/szkolazabrowo.pl\/wp-content\/uploads\/2024\/12\/DSC_0446.jpg\" title=\"DSC_0446\"><img loading=\"lazy\" decoding=\"async\" src=\"https:\/\/szkolazabrowo.pl\/wp-content\/uploads\/2024\/12\/DSC_0446-350x300.jpg\" alt=\"DSC_0446\" width=\"350\" height=\"300\" \/><span class=\"su-custom-gallery-title\">DSC_0446<\/span><\/a><\/div><div class=\"su-custom-gallery-slide\" style=\"width:350px;height:300px\"><a href=\"https:\/\/szkolazabrowo.pl\/wp-content\/uploads\/2024\/12\/DSC_0447.jpg\" title=\"DSC_0447\"><img loading=\"lazy\" decoding=\"async\" src=\"https:\/\/szkolazabrowo.pl\/wp-content\/uploads\/2024\/12\/DSC_0447-350x300.jpg\" alt=\"DSC_0447\" width=\"350\" height=\"300\" \/><span class=\"su-custom-gallery-title\">DSC_0447<\/span><\/a><\/div><div class=\"su-custom-gallery-slide\" style=\"width:350px;height:300px\"><a href=\"https:\/\/szkolazabrowo.pl\/wp-content\/uploads\/2024\/12\/DSC_0448.jpg\" title=\"DSC_0448\"><img loading=\"lazy\" decoding=\"async\" src=\"https:\/\/szkolazabrowo.pl\/wp-content\/uploads\/2024\/12\/DSC_0448-350x300.jpg\" alt=\"DSC_0448\" width=\"350\" height=\"300\" \/><span class=\"su-custom-gallery-title\">DSC_0448<\/span><\/a><\/div><div class=\"su-custom-gallery-slide\" style=\"width:350px;height:300px\"><a href=\"https:\/\/szkolazabrowo.pl\/wp-content\/uploads\/2024\/12\/DSC_0450.jpg\" title=\"DSC_0450\"><img loading=\"lazy\" decoding=\"async\" src=\"https:\/\/szkolazabrowo.pl\/wp-content\/uploads\/2024\/12\/DSC_0450-350x300.jpg\" alt=\"DSC_0450\" width=\"350\" height=\"300\" \/><span class=\"su-custom-gallery-title\">DSC_0450<\/span><\/a><\/div><div class=\"su-custom-gallery-slide\" style=\"width:350px;height:300px\"><a href=\"https:\/\/szkolazabrowo.pl\/wp-content\/uploads\/2024\/12\/DSC_0451.jpg\" title=\"DSC_0451\"><img loading=\"lazy\" decoding=\"async\" src=\"https:\/\/szkolazabrowo.pl\/wp-content\/uploads\/2024\/12\/DSC_0451-350x300.jpg\" alt=\"DSC_0451\" width=\"350\" height=\"300\" \/><span class=\"su-custom-gallery-title\">DSC_0451<\/span><\/a><\/div><div class=\"su-custom-gallery-slide\" style=\"width:350px;height:300px\"><a href=\"https:\/\/szkolazabrowo.pl\/wp-content\/uploads\/2024\/12\/DSC_0436.jpg\" title=\"DSC_0436\"><img loading=\"lazy\" decoding=\"async\" src=\"https:\/\/szkolazabrowo.pl\/wp-content\/uploads\/2024\/12\/DSC_0436-350x300.jpg\" alt=\"DSC_0436\" width=\"350\" height=\"300\" \/><span class=\"su-custom-gallery-title\">DSC_0436<\/span><\/a><\/div><div class=\"su-custom-gallery-slide\" style=\"width:350px;height:300px\"><a href=\"https:\/\/szkolazabrowo.pl\/wp-content\/uploads\/2024\/12\/DSC_0433.jpg\" title=\"DSC_0433\"><img loading=\"lazy\" decoding=\"async\" src=\"https:\/\/szkolazabrowo.pl\/wp-content\/uploads\/2024\/12\/DSC_0433-350x300.jpg\" alt=\"DSC_0433\" width=\"350\" height=\"300\" \/><span class=\"su-custom-gallery-title\">DSC_0433<\/span><\/a><\/div><div class=\"su-custom-gallery-slide\" style=\"width:350px;height:300px\"><a href=\"https:\/\/szkolazabrowo.pl\/wp-content\/uploads\/2024\/12\/DSC_0432.jpg\" title=\"DSC_0432\"><img loading=\"lazy\" decoding=\"async\" src=\"https:\/\/szkolazabrowo.pl\/wp-content\/uploads\/2024\/12\/DSC_0432-350x300.jpg\" alt=\"DSC_0432\" width=\"350\" height=\"300\" \/><span class=\"su-custom-gallery-title\">DSC_0432<\/span><\/a><\/div><div class=\"su-custom-gallery-slide\" style=\"width:350px;height:300px\"><a href=\"https:\/\/szkolazabrowo.pl\/wp-content\/uploads\/2024\/12\/DSC_0428.jpg\" title=\"DSC_0428\"><img loading=\"lazy\" decoding=\"async\" src=\"https:\/\/szkolazabrowo.pl\/wp-content\/uploads\/2024\/12\/DSC_0428-350x300.jpg\" alt=\"DSC_0428\" width=\"350\" height=\"300\" \/><span class=\"su-custom-gallery-title\">DSC_0428<\/span><\/a><\/div><div class=\"su-custom-gallery-slide\" style=\"width:350px;height:300px\"><a href=\"https:\/\/szkolazabrowo.pl\/wp-content\/uploads\/2024\/12\/DSC_0426.jpg\" title=\"DSC_0426\"><img loading=\"lazy\" decoding=\"async\" src=\"https:\/\/szkolazabrowo.pl\/wp-content\/uploads\/2024\/12\/DSC_0426-350x300.jpg\" alt=\"DSC_0426\" width=\"350\" height=\"300\" \/><span class=\"su-custom-gallery-title\">DSC_0426<\/span><\/a><\/div><div class=\"su-custom-gallery-slide\" style=\"width:350px;height:300px\"><a href=\"https:\/\/szkolazabrowo.pl\/wp-content\/uploads\/2024\/12\/DSC_0424.jpg\" title=\"DSC_0424\"><img loading=\"lazy\" decoding=\"async\" src=\"https:\/\/szkolazabrowo.pl\/wp-content\/uploads\/2024\/12\/DSC_0424-350x300.jpg\" alt=\"DSC_0424\" width=\"350\" height=\"300\" \/><span class=\"su-custom-gallery-title\">DSC_0424<\/span><\/a><\/div><div class=\"su-custom-gallery-slide\" style=\"width:350px;height:300px\"><a href=\"https:\/\/szkolazabrowo.pl\/wp-content\/uploads\/2024\/12\/DSC_0423.jpg\" title=\"DSC_0423\"><img loading=\"lazy\" decoding=\"async\" src=\"https:\/\/szkolazabrowo.pl\/wp-content\/uploads\/2024\/12\/DSC_0423-350x300.jpg\" alt=\"DSC_0423\" width=\"350\" height=\"300\" \/><span class=\"su-custom-gallery-title\">DSC_0423<\/span><\/a><\/div><div class=\"su-custom-gallery-slide\" style=\"width:350px;height:300px\"><a href=\"https:\/\/szkolazabrowo.pl\/wp-content\/uploads\/2024\/12\/DSC_0421.jpg\" title=\"DSC_0421\"><img loading=\"lazy\" decoding=\"async\" src=\"https:\/\/szkolazabrowo.pl\/wp-content\/uploads\/2024\/12\/DSC_0421-350x300.jpg\" alt=\"DSC_0421\" width=\"350\" height=\"300\" \/><span class=\"su-custom-gallery-title\">DSC_0421<\/span><\/a><\/div><div class=\"su-custom-gallery-slide\" style=\"width:350px;height:300px\"><a href=\"https:\/\/szkolazabrowo.pl\/wp-content\/uploads\/2024\/12\/DSC_0418.jpg\" title=\"DSC_0418\"><img loading=\"lazy\" decoding=\"async\" src=\"https:\/\/szkolazabrowo.pl\/wp-content\/uploads\/2024\/12\/DSC_0418-350x300.jpg\" alt=\"DSC_0418\" width=\"350\" height=\"300\" \/><span class=\"su-custom-gallery-title\">DSC_0418<\/span><\/a><\/div><div class=\"su-custom-gallery-slide\" style=\"width:350px;height:300px\"><a href=\"https:\/\/szkolazabrowo.pl\/wp-content\/uploads\/2024\/12\/DSC_0415.jpg\" title=\"DSC_0415\"><img loading=\"lazy\" decoding=\"async\" src=\"https:\/\/szkolazabrowo.pl\/wp-content\/uploads\/2024\/12\/DSC_0415-350x300.jpg\" alt=\"DSC_0415\" width=\"350\" height=\"300\" \/><span class=\"su-custom-gallery-title\">DSC_0415<\/span><\/a><\/div><div class=\"su-custom-gallery-slide\" style=\"width:350px;height:300px\"><a href=\"https:\/\/szkolazabrowo.pl\/wp-content\/uploads\/2024\/12\/DSC_0411.jpg\" title=\"DSC_0411\"><img loading=\"lazy\" decoding=\"async\" src=\"https:\/\/szkolazabrowo.pl\/wp-content\/uploads\/2024\/12\/DSC_0411-350x300.jpg\" alt=\"DSC_0411\" width=\"350\" height=\"300\" \/><span class=\"su-custom-gallery-title\">DSC_0411<\/span><\/a><\/div><div class=\"su-custom-gallery-slide\" style=\"width:350px;height:300px\"><a href=\"https:\/\/szkolazabrowo.pl\/wp-content\/uploads\/2024\/12\/DSC_0410.jpg\" title=\"DSC_0410\"><img loading=\"lazy\" decoding=\"async\" src=\"https:\/\/szkolazabrowo.pl\/wp-content\/uploads\/2024\/12\/DSC_0410-350x300.jpg\" alt=\"DSC_0410\" width=\"350\" height=\"300\" \/><span class=\"su-custom-gallery-title\">DSC_0410<\/span><\/a><\/div><div class=\"su-custom-gallery-slide\" style=\"width:350px;height:300px\"><a href=\"https:\/\/szkolazabrowo.pl\/wp-content\/uploads\/2024\/12\/DSC_0408.jpg\" title=\"DSC_0408\"><img loading=\"lazy\" decoding=\"async\" src=\"https:\/\/szkolazabrowo.pl\/wp-content\/uploads\/2024\/12\/DSC_0408-350x300.jpg\" alt=\"DSC_0408\" width=\"350\" height=\"300\" \/><span class=\"su-custom-gallery-title\">DSC_0408<\/span><\/a><\/div><div class=\"su-custom-gallery-slide\" style=\"width:350px;height:300px\"><a href=\"https:\/\/szkolazabrowo.pl\/wp-content\/uploads\/2024\/12\/DSC_0405.jpg\" title=\"DSC_0405\"><img loading=\"lazy\" decoding=\"async\" src=\"https:\/\/szkolazabrowo.pl\/wp-content\/uploads\/2024\/12\/DSC_0405-350x300.jpg\" alt=\"DSC_0405\" width=\"350\" height=\"300\" \/><span class=\"su-custom-gallery-title\">DSC_0405<\/span><\/a><\/div><div class=\"su-custom-gallery-slide\" style=\"width:350px;height:300px\"><a href=\"https:\/\/szkolazabrowo.pl\/wp-content\/uploads\/2024\/12\/DSC_0402.jpg\" title=\"DSC_0402\"><img loading=\"lazy\" decoding=\"async\" src=\"https:\/\/szkolazabrowo.pl\/wp-content\/uploads\/2024\/12\/DSC_0402-350x300.jpg\" alt=\"DSC_0402\" width=\"350\" height=\"300\" \/><span class=\"su-custom-gallery-title\">DSC_0402<\/span><\/a><\/div><div class=\"su-custom-gallery-slide\" style=\"width:350px;height:300px\"><a href=\"https:\/\/szkolazabrowo.pl\/wp-content\/uploads\/2024\/12\/DSC_0401.jpg\" title=\"DSC_0401\"><img loading=\"lazy\" decoding=\"async\" src=\"https:\/\/szkolazabrowo.pl\/wp-content\/uploads\/2024\/12\/DSC_0401-350x300.jpg\" alt=\"DSC_0401\" width=\"350\" height=\"300\" \/><span class=\"su-custom-gallery-title\">DSC_0401<\/span><\/a><\/div><div class=\"su-custom-gallery-slide\" style=\"width:350px;height:300px\"><a href=\"https:\/\/szkolazabrowo.pl\/wp-content\/uploads\/2024\/12\/DSC_0400.jpg\" title=\"DSC_0400\"><img loading=\"lazy\" decoding=\"async\" src=\"https:\/\/szkolazabrowo.pl\/wp-content\/uploads\/2024\/12\/DSC_0400-350x300.jpg\" alt=\"DSC_0400\" width=\"350\" height=\"300\" \/><span class=\"su-custom-gallery-title\">DSC_0400<\/span><\/a><\/div><div class=\"su-clear\"><\/div><\/div>\n","protected":false},"excerpt":{"rendered":"<p>W dniach przed\u015bwi\u0105tecznych w naszej szkole odby\u0142y si\u0119 spotkania \u015bwi\u0105teczne, w kt\u00f3rych wzi\u0119li udzia\u0142 uczniowie klas I-VIII. Atmosfera by\u0142a pe\u0142na rado\u015bci i magii \u015bwi\u0105t, a wsp\u00f3lne wydarzenia dostarczy\u0142y wszystkim wielu niezapomnianych wra\u017ce\u0144. Jednym z najwa\u017cniejszych punkt\u00f3w programu by\u0142o wsp\u00f3lne \u015bpiewanie <a href=\"https:\/\/szkolazabrowo.pl\/?page_id=13592\" class=\"read-more\">Czytaj wi\u0119cej &#8230;<\/a><\/p>\n","protected":false},"author":1,"featured_media":0,"parent":0,"menu_order":0,"comment_status":"closed","ping_status":"closed","template":"","meta":{"footnotes":""},"class_list":["post-13592","page","type-page","status-publish","hentry"],"_links":{"self":[{"href":"https:\/\/szkolazabrowo.pl\/index.php?rest_route=\/wp\/v2\/pages\/13592","targetHints":{"allow":["GET"]}}],"collection":[{"href":"https:\/\/szkolazabrowo.pl\/index.php?rest_route=\/wp\/v2\/pages"}],"about":[{"href":"https:\/\/szkolazabrowo.pl\/index.php?rest_route=\/wp\/v2\/types\/page"}],"author":[{"embeddable":true,"href":"https:\/\/szkolazabrowo.pl\/index.php?rest_route=\/wp\/v2\/users\/1"}],"replies":[{"embeddable":true,"href":"https:\/\/szkolazabrowo.pl\/index.php?rest_route=%2Fwp%2Fv2%2Fcomments&post=13592"}],"version-history":[{"count":2,"href":"https:\/\/szkolazabrowo.pl\/index.php?rest_route=\/wp\/v2\/pages\/13592\/revisions"}],"predecessor-version":[{"id":13638,"href":"https:\/\/szkolazabrowo.pl\/index.php?rest_route=\/wp\/v2\/pages\/13592\/revisions\/13638"}],"wp:attachment":[{"href":"https:\/\/szkolazabrowo.pl\/index.php?rest_route=%2Fwp%2Fv2%2Fmedia&parent=13592"}],"curies":[{"name":"wp","href":"https:\/\/api.w.org\/{rel}","templated":true}]}}