{"id":10804,"date":"2023-11-17T09:47:11","date_gmt":"2023-11-17T09:47:11","guid":{"rendered":"http:\/\/szkolazabrowo.pl\/?page_id=10804"},"modified":"2023-11-17T09:47:12","modified_gmt":"2023-11-17T09:47:12","slug":"mecz-siatkowki","status":"publish","type":"page","link":"https:\/\/szkolazabrowo.pl\/?page_id=10804","title":{"rendered":"Mecz siatk\u00f3wki"},"content":{"rendered":"\n<p>Siatk\u00f3wka to pi\u0119kny sport, kt\u00f3ry nie bez powodu cieszy si\u0119 du\u017c\u0105 popularno\u015bci\u0105.&nbsp;<\/p>\n\n\n\n<p>W \u015brod\u0119 15 listopada uczniowie naszej szko\u0142y ponownie mieli okazj\u0119 si\u0119 o tym przekona\u0107&nbsp; udaj\u0105c si\u0119 na mecz pi\u0142ki siatkowej do I\u0142awy. Dru\u017cyna AZS Olsztyn rozegra\u0142a tam mecz z dru\u017cyn\u0105 Norwid Cz\u0119stochowa. Po zaci\u0119tej i emocjonuj\u0105cej walce, pe\u0142nej zwrot\u00f3w akcji AZS wygra\u0142 spotkanie 3:1.<\/p>\n\n\n\n<p>Serdeczne podzi\u0119kowania dla w\u0142adz naszej gminy za zaproszenie uczni\u00f3w na mecz.&nbsp;<\/p>\n\n\n<div class=\"su-custom-gallery su-custom-gallery-align-left su-custom-gallery-title-never\"><div class=\"su-custom-gallery-slide\" style=\"width:250px;height:300px\"><a href=\"https:\/\/szkolazabrowo.pl\/wp-content\/uploads\/2023\/11\/FB_IMG_1700204113785.jpg\" title=\"FB_IMG_1700204113785\"><img loading=\"lazy\" decoding=\"async\" src=\"https:\/\/szkolazabrowo.pl\/wp-content\/uploads\/2023\/11\/FB_IMG_1700204113785-250x300.jpg\" alt=\"FB_IMG_1700204113785\" width=\"250\" height=\"300\" \/><span class=\"su-custom-gallery-title\">FB_IMG_1700204113785<\/span><\/a><\/div><div class=\"su-custom-gallery-slide\" style=\"width:250px;height:300px\"><a href=\"https:\/\/szkolazabrowo.pl\/wp-content\/uploads\/2023\/11\/IMG_20231115_180954.jpg\" title=\"IMG_20231115_180954\"><img loading=\"lazy\" decoding=\"async\" src=\"https:\/\/szkolazabrowo.pl\/wp-content\/uploads\/2023\/11\/IMG_20231115_180954-250x300.jpg\" alt=\"IMG_20231115_180954\" width=\"250\" height=\"300\" \/><span class=\"su-custom-gallery-title\">IMG_20231115_180954<\/span><\/a><\/div><div class=\"su-custom-gallery-slide\" style=\"width:250px;height:300px\"><a href=\"https:\/\/szkolazabrowo.pl\/wp-content\/uploads\/2023\/11\/IMG_20231115_181001.jpg\" title=\"IMG_20231115_181001\"><img loading=\"lazy\" decoding=\"async\" src=\"https:\/\/szkolazabrowo.pl\/wp-content\/uploads\/2023\/11\/IMG_20231115_181001-250x300.jpg\" alt=\"IMG_20231115_181001\" width=\"250\" height=\"300\" \/><span class=\"su-custom-gallery-title\">IMG_20231115_181001<\/span><\/a><\/div><div class=\"su-custom-gallery-slide\" style=\"width:250px;height:300px\"><a href=\"https:\/\/szkolazabrowo.pl\/wp-content\/uploads\/2023\/11\/IMG_20231115_210051.jpg\" title=\"IMG_20231115_210051\"><img loading=\"lazy\" decoding=\"async\" src=\"https:\/\/szkolazabrowo.pl\/wp-content\/uploads\/2023\/11\/IMG_20231115_210051-250x300.jpg\" alt=\"IMG_20231115_210051\" width=\"250\" height=\"300\" \/><span class=\"su-custom-gallery-title\">IMG_20231115_210051<\/span><\/a><\/div><div class=\"su-custom-gallery-slide\" style=\"width:250px;height:300px\"><a href=\"https:\/\/szkolazabrowo.pl\/wp-content\/uploads\/2023\/11\/IMG_20231115_210637.jpg\" title=\"IMG_20231115_210637\"><img loading=\"lazy\" decoding=\"async\" src=\"https:\/\/szkolazabrowo.pl\/wp-content\/uploads\/2023\/11\/IMG_20231115_210637-250x300.jpg\" alt=\"IMG_20231115_210637\" width=\"250\" height=\"300\" \/><span class=\"su-custom-gallery-title\">IMG_20231115_210637<\/span><\/a><\/div><div class=\"su-custom-gallery-slide\" style=\"width:250px;height:300px\"><a href=\"https:\/\/szkolazabrowo.pl\/wp-content\/uploads\/2023\/11\/IMG_20231115_211144.jpg\" title=\"IMG_20231115_211144\"><img loading=\"lazy\" decoding=\"async\" src=\"https:\/\/szkolazabrowo.pl\/wp-content\/uploads\/2023\/11\/IMG_20231115_211144-250x300.jpg\" alt=\"IMG_20231115_211144\" width=\"250\" height=\"300\" \/><span class=\"su-custom-gallery-title\">IMG_20231115_211144<\/span><\/a><\/div><div class=\"su-clear\"><\/div><\/div>\n","protected":false},"excerpt":{"rendered":"<p>Siatk\u00f3wka to pi\u0119kny sport, kt\u00f3ry nie bez powodu cieszy si\u0119 du\u017c\u0105 popularno\u015bci\u0105.&nbsp; W \u015brod\u0119 15 listopada uczniowie naszej szko\u0142y ponownie mieli okazj\u0119 si\u0119 o tym przekona\u0107&nbsp; udaj\u0105c si\u0119 na mecz pi\u0142ki siatkowej do I\u0142awy. Dru\u017cyna AZS Olsztyn rozegra\u0142a tam mecz <a href=\"https:\/\/szkolazabrowo.pl\/?page_id=10804\" class=\"read-more\">Czytaj wi\u0119cej &#8230;<\/a><\/p>\n","protected":false},"author":1,"featured_media":0,"parent":0,"menu_order":0,"comment_status":"closed","ping_status":"closed","template":"","meta":{"footnotes":""},"class_list":["post-10804","page","type-page","status-publish","hentry"],"_links":{"self":[{"href":"https:\/\/szkolazabrowo.pl\/index.php?rest_route=\/wp\/v2\/pages\/10804","targetHints":{"allow":["GET"]}}],"collection":[{"href":"https:\/\/szkolazabrowo.pl\/index.php?rest_route=\/wp\/v2\/pages"}],"about":[{"href":"https:\/\/szkolazabrowo.pl\/index.php?rest_route=\/wp\/v2\/types\/page"}],"author":[{"embeddable":true,"href":"https:\/\/szkolazabrowo.pl\/index.php?rest_route=\/wp\/v2\/users\/1"}],"replies":[{"embeddable":true,"href":"https:\/\/szkolazabrowo.pl\/index.php?rest_route=%2Fwp%2Fv2%2Fcomments&post=10804"}],"version-history":[{"count":1,"href":"https:\/\/szkolazabrowo.pl\/index.php?rest_route=\/wp\/v2\/pages\/10804\/revisions"}],"predecessor-version":[{"id":10812,"href":"https:\/\/szkolazabrowo.pl\/index.php?rest_route=\/wp\/v2\/pages\/10804\/revisions\/10812"}],"wp:attachment":[{"href":"https:\/\/szkolazabrowo.pl\/index.php?rest_route=%2Fwp%2Fv2%2Fmedia&parent=10804"}],"curies":[{"name":"wp","href":"https:\/\/api.w.org\/{rel}","templated":true}]}}